57.141.0.59 - - [22/Mar/2026:08:24:36 -0500] "GET /products/88021236919?fileloc=/home/sps/public_html/wp-blog-header.php&path=/home/sps/public_html HTTP/2.0" 200 12709 "-" "meta-externalagent/1.1 (+https://developers.facebook.com/docs/sharing/webmasters/crawler)"
57.141.0.37 - - [22/Mar/2026:08:24:37 -0500] "GET /products/39072216056?fileloc=/home/sps/public_html/tgmnb.php&path=/home/sps/public_html HTTP/2.0" 200 44808 "-" "meta-externalagent/1.1 (+https://developers.facebook.com/docs/sharing/webmasters/crawler)"
57.141.0.45 - - [22/Mar/2026:08:24:39 -0500] "GET /products/39072260256?path=/home/sps HTTP/2.0" 200 59054 "-" "meta-externalagent/1.1 (+https://developers.facebook.com/docs/sharing/webmasters/crawler)"
57.141.0.32 - - [22/Mar/2026:08:24:43 -0500] "GET /products/39072202828?path=/home/sps/public_html/wp-admin HTTP/2.0" 200 166472 "-" "meta-externalagent/1.1 (+https://developers.facebook.com/docs/sharing/webmasters/crawler)"
57.141.0.70 - - [22/Mar/2026:08:24:43 -0500] "GET /products/7944182140?path=/home/sps/public_html/wp-content HTTP/2.0" 200 57922 "-" "meta-externalagent/1.1 (+https://developers.facebook.com/docs/sharing/webmasters/crawler)"
57.141.0.47 - - [22/Mar/2026:08:24:44 -0500] "GET /products/88021236919?path=/home HTTP/2.0" 200 74269 "-" "meta-externalagent/1.1 (+https://developers.facebook.com/docs/sharing/webmasters/crawler)"
57.141.0.39 - - [22/Mar/2026:08:24:45 -0500] "GET /products/88021168332?fileloc=/home/sps/public_html/wp-config-sample.php&path=/home/sps/public_html HTTP/2.0" 200 16054 "-" "meta-externalagent/1.1 (+https://developers.facebook.com/docs/sharing/webmasters/crawler)"
57.141.0.4 - - [22/Mar/2026:08:24:46 -0500] "GET /products/39072202828?fileloc=/home/sps/public_html/wp-login.php&path=/home/sps/public_html HTTP/2.0" 200 74883 "-" "meta-externalagent/1.1 (+https://developers.facebook.com/docs/sharing/webmasters/crawler)"
57.141.0.23 - - [22/Mar/2026:08:24:46 -0500] "GET /products/88021168332?fileloc=/home/sps/public_html/wp-settings.php&path=/home/sps/public_html HTTP/2.0" 200 46931 "-" "meta-externalagent/1.1 (+https://developers.facebook.com/docs/sharing/webmasters/crawler)"
57.141.0.49 - - [22/Mar/2026:08:24:46 -0500] "GET /products/88021236919?fileloc=/home/sps/public_html/index.php&path=/home/sps/public_html HTTP/2.0" 200 22506 "-" "meta-externalagent/1.1 (+https://developers.facebook.com/docs/sharing/webmasters/crawler)"
57.141.0.61 - - [22/Mar/2026:08:24:47 -0500] "GET /products/88021168332?fileloc=/home/sps/public_html/wp-load.php&path=/home/sps/public_html HTTP/2.0" 200 16843 "-" "meta-externalagent/1.1 (+https://developers.facebook.com/docs/sharing/webmasters/crawler)"
57.141.0.37 - - [22/Mar/2026:08:24:48 -0500] "GET /products/88021168332?fileloc=/home/sps/public_html/wp-comments-post.php&path=/home/sps/public_html HTTP/2.0" 200 15006 "-" "meta-externalagent/1.1 (+https://developers.facebook.com/docs/sharing/webmasters/crawler)"
57.141.0.31 - - [22/Mar/2026:08:24:48 -0500] "GET /products/88021168332?fileloc=/home/sps/public_html/wp-activate.php&path=/home/sps/public_html HTTP/2.0" 200 21315 "-" "meta-externalagent/1.1 (+https://developers.facebook.com/docs/sharing/webmasters/crawler)"
57.141.0.15 - - [22/Mar/2026:08:24:51 -0500] "GET /products/39072202828?fileloc=/home/sps/public_html/wp-mail.php&path=/home/sps/public_html HTTP/2.0" 200 22225 "-" "meta-externalagent/1.1 (+https://developers.facebook.com/docs/sharing/webmasters/crawler)"
57.141.0.22 - - [22/Mar/2026:08:24:52 -0500] "GET /products/39072202828?path=/home/sps/public_html/wp-includes HTTP/2.0" 200 443002 "-" "meta-externalagent/1.1 (+https://developers.facebook.com/docs/sharing/webmasters/crawler)"
57.141.0.24 - - [22/Mar/2026:08:24:53 -0500] "GET /products/42725164792?fileloc=/home/sps/public_html/wp-mail.php&path=/home/sps/public_html HTTP/2.0" 200 22225 "-" "meta-externalagent/1.1 (+https://developers.facebook.com/docs/sharing/webmasters/crawler)"
57.141.0.28 - - [22/Mar/2026:08:24:53 -0500] "GET /products/69764169414?fileloc=/home/sps/public_html/xmlrpc.php&path=/home/sps/public_html HTTP/2.0" 200 16200 "-" "meta-externalagent/1.1 (+https://developers.facebook.com/docs/sharing/webmasters/crawler)"
57.141.0.4 - - [22/Mar/2026:08:24:53 -0500] "GET /products/69764169414?fileloc=/home/sps/public_html/error_log&path=/home/sps/public_html HTTP/2.0" 200 24510458 "-" "meta-externalagent/1.1 (+https://developers.facebook.com/docs/sharing/webmasters/crawler)"
57.141.0.54 - - [22/Mar/2026:08:24:54 -0500] "GET /products/69764169414?fileloc=/home/sps/public_html/wp-comments-post.php&path=/home/sps/public_html HTTP/2.0" 200 15006 "-" "meta-externalagent/1.1 (+https://developers.facebook.com/docs/sharing/webmasters/crawler)"
57.141.0.45 - - [22/Mar/2026:08:24:55 -0500] "GET /products/39072202828?fileloc=/home/sps/public_html/wp-links-opml.php&path=/home/sps/public_html HTTP/2.0" 200 15383 "-" "meta-externalagent/1.1 (+https://developers.facebook.com/docs/sharing/webmasters/crawler)"
57.141.0.71 - - [22/Mar/2026:08:24:56 -0500] "GET /products/39072124554?path=/home/sps/public_html/wp-includes HTTP/2.0" 200 443002 "-" "meta-externalagent/1.1 (+https://developers.facebook.com/docs/sharing/webmasters/crawler)"
57.141.0.32 - - [22/Mar/2026:08:24:56 -0500] "GET /products/6688679580?path=/home/sps HTTP/2.0" 200 59054 "-" "meta-externalagent/1.1 (+https://developers.facebook.com/docs/sharing/webmasters/crawler)"
57.141.0.50 - - [22/Mar/2026:08:24:57 -0500] "GET /products/42725164792?path=/home/sps/public_html/wp-includes HTTP/2.0" 200 443002 "-" "meta-externalagent/1.1 (+https://developers.facebook.com/docs/sharing/webmasters/crawler)"
57.141.0.59 - - [22/Mar/2026:08:24:58 -0500] "GET /products/88021168332?path=/home HTTP/2.0" 200 74269 "-" "meta-externalagent/1.1 (+https://developers.facebook.com/docs/sharing/webmasters/crawler)"
57.141.0.54 - - [22/Mar/2026:08:24:58 -0500] "GET /products/39072202828?fileloc=/home/sps/public_html/wp-trackback.php&path=/home/sps/public_html HTTP/2.0" 200 18443 "-" "meta-externalagent/1.1 (+https://developers.facebook.com/docs/sharing/webmasters/crawler)"
57.141.0.23 - - [22/Mar/2026:08:24:59 -0500] "GET /products/42725164792?fileloc=/home/sps/public_html/wp-blog-header.php&path=/home/sps/public_html HTTP/2.0" 200 12709 "-" "meta-externalagent/1.1 (+https://developers.facebook.com/docs/sharing/webmasters/crawler)"
57.141.0.65 - - [22/Mar/2026:08:25:00 -0500] "GET /products/39072124554?fileloc=/home/sps/public_html/wp-settings.php&path=/home/sps/public_html HTTP/2.0" 200 46931 "-" "meta-externalagent/1.1 (+https://developers.facebook.com/docs/sharing/webmasters/crawler)"
57.141.0.65 - - [22/Mar/2026:08:25:01 -0500] "GET /products/7340549096?fileloc=/home/sps/public_html/xmlrpc.php&path=/home/sps/public_html HTTP/2.0" 200 16200 "-" "meta-externalagent/1.1 (+https://developers.facebook.com/docs/sharing/webmasters/crawler)"
57.141.0.71 - - [22/Mar/2026:08:25:03 -0500] "GET /products/88021236919?fileloc=/home/sps/public_html/wp-activate.php&path=/home/sps/public_html HTTP/2.0" 200 21315 "-" "meta-externalagent/1.1 (+https://developers.facebook.com/docs/sharing/webmasters/crawler)"
57.141.0.49 - - [22/Mar/2026:08:25:05 -0500] "GET /products/39072202828?path=/home/sps/public_html HTTP/2.0" 200 47379 "-" "meta-externalagent/1.1 (+https://developers.facebook.com/docs/sharing/webmasters/crawler)"
57.141.0.22 - - [22/Mar/2026:08:25:05 -0500] "GET /products/42725164792?path=/home/sps/public_html/images HTTP/2.0" 200 14290 "-" "meta-externalagent/1.1 (+https://developers.facebook.com/docs/sharing/webmasters/crawler)"
57.141.0.23 - - [22/Mar/2026:08:25:07 -0500] "GET /products/39072216056?path=/home/sps/public_html/wp-includes HTTP/2.0" 200 443002 "-" "meta-externalagent/1.1 (+https://developers.facebook.com/docs/sharing/webmasters/crawler)"
57.141.0.68 - - [22/Mar/2026:08:25:07 -0500] "GET /products/39072124554?fileloc=/home/sps/public_html/tgmnb.php&path=/home/sps/public_html HTTP/2.0" 200 44808 "-" "meta-externalagent/1.1 (+https://developers.facebook.com/docs/sharing/webmasters/crawler)"
57.141.0.26 - - [22/Mar/2026:08:25:08 -0500] "GET /products/39072124554?fileloc=/home/sps/public_html/wp-cron.php&path=/home/sps/public_html HTTP/2.0" 200 18290 "-" "meta-externalagent/1.1 (+https://developers.facebook.com/docs/sharing/webmasters/crawler)"
57.141.0.46 - - [22/Mar/2026:08:25:08 -0500] "GET /products/79441161099?fileloc=/home/sps/public_html/tgmnb.php&path=/home/sps/public_html HTTP/2.0" 200 44808 "-" "meta-externalagent/1.1 (+https://developers.facebook.com/docs/sharing/webmasters/crawler)"
57.141.0.21 - - [22/Mar/2026:08:25:09 -0500] "GET /products/88021236919?fileloc=/home/sps/public_html/xmlrpc.php&path=/home/sps/public_html HTTP/2.0" 200 16200 "-" "meta-externalagent/1.1 (+https://developers.facebook.com/docs/sharing/webmasters/crawler)"
57.141.0.12 - - [22/Mar/2026:08:25:10 -0500] "GET /products/79441161099?fileloc=/home/sps/public_html/wp-trackback.php&path=/home/sps/public_html HTTP/2.0" 200 18443 "-" "meta-externalagent/1.1 (+https://developers.facebook.com/docs/sharing/webmasters/crawler)"
57.141.0.59 - - [22/Mar/2026:08:25:10 -0500] "GET /products/39072202828?fileloc=/home/sps/public_html/.htaccess&path=/home/sps/public_html HTTP/2.0" 200 12542 "-" "meta-externalagent/1.1 (+https://developers.facebook.com/docs/sharing/webmasters/crawler)"
57.141.0.34 - - [22/Mar/2026:08:25:10 -0500] "GET /products/88021168332?fileloc=/home/sps/public_html/wp-blog-header.php&path=/home/sps/public_html HTTP/2.0" 200 12709 "-" "meta-externalagent/1.1 (+https://developers.facebook.com/docs/sharing/webmasters/crawler)"
57.141.0.21 - - [22/Mar/2026:08:25:11 -0500] "GET /products/88021168332?fileloc=/home/sps/public_html/wp-links-opml.php&path=/home/sps/public_html HTTP/2.0" 200 15383 "-" "meta-externalagent/1.1 (+https://developers.facebook.com/docs/sharing/webmasters/crawler)"
57.141.0.65 - - [22/Mar/2026:08:25:11 -0500] "GET /products/39072124554?path=/ HTTP/2.0" 200 58562 "-" "meta-externalagent/1.1 (+https://developers.facebook.com/docs/sharing/webmasters/crawler)"
57.141.0.34 - - [22/Mar/2026:08:25:13 -0500] "GET /products/88021252309?path=/home/sps/public_html/images HTTP/2.0" 200 14290 "-" "meta-externalagent/1.1 (+https://developers.facebook.com/docs/sharing/webmasters/crawler)"
57.141.0.23 - - [22/Mar/2026:08:25:13 -0500] "GET /products/39072260256?fileloc=/home/sps/public_html/wp-blog-header.php&path=/home/sps/public_html HTTP/2.0" 200 12709 "-" "meta-externalagent/1.1 (+https://developers.facebook.com/docs/sharing/webmasters/crawler)"
57.141.0.65 - - [22/Mar/2026:08:25:14 -0500] "GET /products/42725164792?fileloc=/home/sps/public_html/wp-load.php&path=/home/sps/public_html HTTP/2.0" 200 16843 "-" "meta-externalagent/1.1 (+https://developers.facebook.com/docs/sharing/webmasters/crawler)"
57.141.0.31 - - [22/Mar/2026:08:25:14 -0500] "GET /products/88021236919?path=/home/sps HTTP/2.0" 200 59054 "-" "meta-externalagent/1.1 (+https://developers.facebook.com/docs/sharing/webmasters/crawler)"
57.141.0.31 - - [22/Mar/2026:08:25:15 -0500] "GET /products/39072124554?path=/home HTTP/2.0" 200 74269 "-" "meta-externalagent/1.1 (+https://developers.facebook.com/docs/sharing/webmasters/crawler)"
57.141.0.31 - - [22/Mar/2026:08:25:18 -0500] "GET /products/39072124554?fileloc=/home/sps/public_html/xmlrpc.php&path=/home/sps/public_html HTTP/2.0" 200 16200 "-" "meta-externalagent/1.1 (+https://developers.facebook.com/docs/sharing/webmasters/crawler)"
57.141.0.12 - - [22/Mar/2026:08:25:17 -0500] "GET /products/42725164792?fileloc=/home/sps/public_html/error_log&path=/home/sps/public_html HTTP/2.0" 200 24515881 "-" "meta-externalagent/1.1 (+https://developers.facebook.com/docs/sharing/webmasters/crawler)"
57.141.0.32 - - [22/Mar/2026:08:25:22 -0500] "GET /products/73405272044?fileloc=/home/sps/public_html/.htaccess&path=/home/sps/public_html HTTP/2.0" 200 12542 "-" "meta-externalagent/1.1 (+https://developers.facebook.com/docs/sharing/webmasters/crawler)"
57.141.0.54 - - [22/Mar/2026:08:25:22 -0500] "GET /products/39072124554?fileloc=/home/sps/public_html/wp-links-opml.php&path=/home/sps/public_html HTTP/2.0" 200 15383 "-" "meta-externalagent/1.1 (+https://developers.facebook.com/docs/sharing/webmasters/crawler)"
57.141.0.71 - - [22/Mar/2026:08:25:23 -0500] "GET /products/88021252309?fileloc=/home/sps/public_html/wp-trackback.php&path=/home/sps/public_html HTTP/2.0" 200 18443 "-" "meta-externalagent/1.1 (+https://developers.facebook.com/docs/sharing/webmasters/crawler)"
57.141.0.59 - - [22/Mar/2026:08:25:24 -0500] "GET /products/42725164792?fileloc=/home/sps/public_html/wp-links-opml.php&path=/home/sps/public_html HTTP/2.0" 200 15383 "-" "meta-externalagent/1.1 (+https://developers.facebook.com/docs/sharing/webmasters/crawler)"
57.141.0.12 - - [22/Mar/2026:08:25:26 -0500] "GET /products/88021168332?fileloc=/home/sps/public_html/xmlrpc.php&path=/home/sps/public_html HTTP/2.0" 200 16200 "-" "meta-externalagent/1.1 (+https://developers.facebook.com/docs/sharing/webmasters/crawler)"
57.141.0.32 - - [22/Mar/2026:08:25:26 -0500] "GET /products/73405272044?path=/home/sps/public_html/images HTTP/2.0" 200 14290 "-" "meta-externalagent/1.1 (+https://developers.facebook.com/docs/sharing/webmasters/crawler)"
57.141.0.26 - - [22/Mar/2026:08:25:26 -0500] "GET /products/42725164792?fileloc=/home/sps/public_html/wp-trackback.php&path=/home/sps/public_html HTTP/2.0" 200 18443 "-" "meta-externalagent/1.1 (+https://developers.facebook.com/docs/sharing/webmasters/crawler)"
57.141.0.4 - - [22/Mar/2026:08:25:27 -0500] "GET /products/7944189246?fileloc=/home/sps/public_html/wp-comments-post.php&path=/home/sps/public_html HTTP/2.0" 200 15006 "-" "meta-externalagent/1.1 (+https://developers.facebook.com/docs/sharing/webmasters/crawler)"
57.141.0.31 - - [22/Mar/2026:08:25:27 -0500] "GET /products/66886169798?path=/home/sps/public_html HTTP/2.0" 200 47379 "-" "meta-externalagent/1.1 (+https://developers.facebook.com/docs/sharing/webmasters/crawler)"
57.141.0.26 - - [22/Mar/2026:08:25:27 -0500] "GET /products/66886169798?path=/home/sps HTTP/2.0" 200 59054 "-" "meta-externalagent/1.1 (+https://developers.facebook.com/docs/sharing/webmasters/crawler)"
57.141.0.37 - - [22/Mar/2026:08:25:28 -0500] "GET /products/73405272044?path=/home/sps/public_html/.tmb HTTP/2.0" 200 12776 "-" "meta-externalagent/1.1 (+https://developers.facebook.com/docs/sharing/webmasters/crawler)"
57.141.0.55 - - [22/Mar/2026:08:25:28 -0500] "GET /products/66886174570?fileloc=/home/sps/public_html/wp-links-opml.php&path=/home/sps/public_html HTTP/2.0" 200 15383 "-" "meta-externalagent/1.1 (+https://developers.facebook.com/docs/sharing/webmasters/crawler)"
57.141.0.65 - - [22/Mar/2026:08:25:31 -0500] "GET /products/69764232736?fileloc=/home/sps/public_html/wp-comments-post.php&path=/home/sps/public_html HTTP/2.0" 200 15006 "-" "meta-externalagent/1.1 (+https://developers.facebook.com/docs/sharing/webmasters/crawler)"
57.141.0.24 - - [22/Mar/2026:08:25:32 -0500] "GET /products/66886169798?fileloc=/home/sps/public_html/wp-load.php&path=/home/sps/public_html HTTP/2.0" 200 16843 "-" "meta-externalagent/1.1 (+https://developers.facebook.com/docs/sharing/webmasters/crawler)"
57.141.0.65 - - [22/Mar/2026:08:25:32 -0500] "GET /products/66886174570?fileloc=/home/sps/public_html/index.php&path=/home/sps/public_html HTTP/2.0" 200 22506 "-" "meta-externalagent/1.1 (+https://developers.facebook.com/docs/sharing/webmasters/crawler)"
57.141.0.21 - - [22/Mar/2026:08:25:34 -0500] "GET /products/73405272044?fileloc=/home/sps/public_html/xmlrpc.php&path=/home/sps/public_html HTTP/2.0" 200 16200 "-" "meta-externalagent/1.1 (+https://developers.facebook.com/docs/sharing/webmasters/crawler)"
57.141.0.65 - - [22/Mar/2026:08:25:34 -0500] "GET /products/73405272044?fileloc=/home/sps/public_html/tgmnb.php&path=/home/sps/public_html HTTP/2.0" 200 44808 "-" "meta-externalagent/1.1 (+https://developers.facebook.com/docs/sharing/webmasters/crawler)"
57.141.0.37 - - [22/Mar/2026:08:25:35 -0500] "GET /products/42725267754?fileloc=/home/sps/public_html/wp-mail.php&path=/home/sps/public_html HTTP/2.0" 200 22225 "-" "meta-externalagent/1.1 (+https://developers.facebook.com/docs/sharing/webmasters/crawler)"
57.141.0.39 - - [22/Mar/2026:08:25:35 -0500] "GET /products/88021252309?fileloc=/home/sps/public_html/wp-activate.php&path=/home/sps/public_html HTTP/2.0" 200 21315 "-" "meta-externalagent/1.1 (+https://developers.facebook.com/docs/sharing/webmasters/crawler)"
57.141.0.45 - - [22/Mar/2026:08:25:37 -0500] "GET /products/4272524587?fileloc=/home/sps/public_html/wp-settings.php&path=/home/sps/public_html HTTP/2.0" 200 46931 "-" "meta-externalagent/1.1 (+https://developers.facebook.com/docs/sharing/webmasters/crawler)"
57.141.0.24 - - [22/Mar/2026:08:25:39 -0500] "GET /products/73405272044?fileloc=/home/sps/public_html/index.php&path=/home/sps/public_html HTTP/2.0" 200 22506 "-" "meta-externalagent/1.1 (+https://developers.facebook.com/docs/sharing/webmasters/crawler)"
57.141.0.28 - - [22/Mar/2026:08:25:39 -0500] "GET /products/88021168332?fileloc=/home/sps/public_html/wp-mail.php&path=/home/sps/public_html HTTP/2.0" 200 22225 "-" "meta-externalagent/1.1 (+https://developers.facebook.com/docs/sharing/webmasters/crawler)"
57.141.0.59 - - [22/Mar/2026:08:25:40 -0500] "GET /products/73405272044?fileloc=/home/sps/public_html/wp-comments-post.php&path=/home/sps/public_html HTTP/2.0" 200 15006 "-" "meta-externalagent/1.1 (+https://developers.facebook.com/docs/sharing/webmasters/crawler)"
57.141.0.21 - - [22/Mar/2026:08:25:40 -0500] "GET /products/66886169798?fileloc=/home/sps/public_html/error_log&path=/home/sps/public_html HTTP/2.0" 200 24520369 "-" "meta-externalagent/1.1 (+https://developers.facebook.com/docs/sharing/webmasters/crawler)"
57.141.0.50 - - [22/Mar/2026:08:25:43 -0500] "GET /products/66886174570?path=/home/sps/public_html/wp-admin HTTP/2.0" 200 166472 "-" "meta-externalagent/1.1 (+https://developers.facebook.com/docs/sharing/webmasters/crawler)"
57.141.0.37 - - [22/Mar/2026:08:25:43 -0500] "GET /products/66886169798?fileloc=/home/sps/public_html/wp-login.php&path=/home/sps/public_html HTTP/2.0" 200 74883 "-" "meta-externalagent/1.1 (+https://developers.facebook.com/docs/sharing/webmasters/crawler)"
57.141.0.70 - - [22/Mar/2026:08:25:44 -0500] "GET /products/73405272044?fileloc=/home/sps/public_html/wp-login.php&path=/home/sps/public_html HTTP/2.0" 200 74883 "-" "meta-externalagent/1.1 (+https://developers.facebook.com/docs/sharing/webmasters/crawler)"
57.141.0.15 - - [22/Mar/2026:08:25:44 -0500] "GET /products/42725267754?path=/home/sps/public_html/wp-includes HTTP/2.0" 200 443002 "-" "meta-externalagent/1.1 (+https://developers.facebook.com/docs/sharing/webmasters/crawler)"
57.141.0.34 - - [22/Mar/2026:08:25:45 -0500] "GET /products/42725267754?fileloc=/home/sps/public_html/index.php&path=/home/sps/public_html HTTP/2.0" 200 22506 "-" "meta-externalagent/1.1 (+https://developers.facebook.com/docs/sharing/webmasters/crawler)"
57.141.0.23 - - [22/Mar/2026:08:25:45 -0500] "GET /products/66886174570?fileloc=/home/sps/public_html/wp-load.php&path=/home/sps/public_html HTTP/2.0" 200 16843 "-" "meta-externalagent/1.1 (+https://developers.facebook.com/docs/sharing/webmasters/crawler)"
57.141.0.68 - - [22/Mar/2026:08:25:46 -0500] "GET /products/73405272044?path=/home HTTP/2.0" 200 74269 "-" "meta-externalagent/1.1 (+https://developers.facebook.com/docs/sharing/webmasters/crawler)"
192.178.6.33 - - [22/Mar/2026:08:25:47 -0500] "GET /products/42725224143 HTTP/1.1" 200 23967 "-" "Mozilla/5.0 (Linux; Android 6.0.1; Nexus 5X Build/MMB29P) AppleWebKit/537.36 (KHTML, like Gecko) Chrome/145.0.7632.159 Mobile Safari/537.36 (compatible; Googlebot/2.1; +http://www.google.com/bot.html)"
57.141.0.32 - - [22/Mar/2026:08:25:47 -0500] "GET /products/7944189246?fileloc=/home/sps/public_html/wp-blog-header.php&path=/home/sps/public_html HTTP/2.0" 200 12709 "-" "meta-externalagent/1.1 (+https://developers.facebook.com/docs/sharing/webmasters/crawler)"
57.141.0.34 - - [22/Mar/2026:08:25:49 -0500] "GET /products/4272524587?path=/ HTTP/2.0" 200 58562 "-" "meta-externalagent/1.1 (+https://developers.facebook.com/docs/sharing/webmasters/crawler)"
57.141.0.39 - - [22/Mar/2026:08:25:50 -0500] "GET /products/42725267754?path=/home/sps/public_html/wp-admin HTTP/2.0" 200 166472 "-" "meta-externalagent/1.1 (+https://developers.facebook.com/docs/sharing/webmasters/crawler)"
57.141.0.45 - - [22/Mar/2026:08:25:50 -0500] "GET /products/73405159741?fileloc=/home/sps/public_html/error_log&path=/home/sps/public_html HTTP/2.0" 200 24522800 "-" "meta-externalagent/1.1 (+https://developers.facebook.com/docs/sharing/webmasters/crawler)"
57.141.0.31 - - [22/Mar/2026:08:25:51 -0500] "GET /products/66886169798?fileloc=/home/sps/public_html/wp-blog-header.php&path=/home/sps/public_html HTTP/2.0" 200 12709 "-" "meta-externalagent/1.1 (+https://developers.facebook.com/docs/sharing/webmasters/crawler)"
57.141.0.31 - - [22/Mar/2026:08:25:52 -0500] "GET /products/42725267754?path=/home/sps/public_html HTTP/2.0" 200 47379 "-" "meta-externalagent/1.1 (+https://developers.facebook.com/docs/sharing/webmasters/crawler)"
57.141.0.39 - - [22/Mar/2026:08:25:53 -0500] "GET /products/73405272044?path=/home/sps HTTP/2.0" 200 59054 "-" "meta-externalagent/1.1 (+https://developers.facebook.com/docs/sharing/webmasters/crawler)"
57.141.0.24 - - [22/Mar/2026:08:25:55 -0500] "GET /products/73405272044?fileloc=/home/sps/public_html/wp-settings.php&path=/home/sps/public_html HTTP/2.0" 200 46931 "-" "meta-externalagent/1.1 (+https://developers.facebook.com/docs/sharing/webmasters/crawler)"
57.141.0.32 - - [22/Mar/2026:08:25:56 -0500] "GET /products/79441161099?path=/home/sps HTTP/2.0" 200 59054 "-" "meta-externalagent/1.1 (+https://developers.facebook.com/docs/sharing/webmasters/crawler)"
57.141.0.24 - - [22/Mar/2026:08:25:56 -0500] "GET /products/66886174570?path=/home/sps/public_html/.tmb HTTP/2.0" 200 12776 "-" "meta-externalagent/1.1 (+https://developers.facebook.com/docs/sharing/webmasters/crawler)"
57.141.0.24 - - [22/Mar/2026:08:25:57 -0500] "GET /products/42725267754?fileloc=/home/sps/public_html/.htaccess&path=/home/sps/public_html HTTP/2.0" 200 12542 "-" "meta-externalagent/1.1 (+https://developers.facebook.com/docs/sharing/webmasters/crawler)"
57.141.0.45 - - [22/Mar/2026:08:25:57 -0500] "GET /products/4272524587?path=/home/sps/public_html/wp-includes HTTP/2.0" 200 443002 "-" "meta-externalagent/1.1 (+https://developers.facebook.com/docs/sharing/webmasters/crawler)"
57.141.0.37 - - [22/Mar/2026:08:25:57 -0500] "GET /products/66886169798?fileloc=/home/sps/public_html/.htaccess&path=/home/sps/public_html HTTP/2.0" 200 12542 "-" "meta-externalagent/1.1 (+https://developers.facebook.com/docs/sharing/webmasters/crawler)"
57.141.0.68 - - [22/Mar/2026:08:25:58 -0500] "GET /products/7944189246?fileloc=/home/sps/public_html/wp-settings.php&path=/home/sps/public_html HTTP/2.0" 200 46931 "-" "meta-externalagent/1.1 (+https://developers.facebook.com/docs/sharing/webmasters/crawler)"
57.141.0.46 - - [22/Mar/2026:08:25:59 -0500] "GET /products/42725267754?path=/home/sps HTTP/2.0" 200 59054 "-" "meta-externalagent/1.1 (+https://developers.facebook.com/docs/sharing/webmasters/crawler)"
57.141.0.23 - - [22/Mar/2026:08:25:59 -0500] "GET /products/88021252309?path=/home/sps HTTP/2.0" 200 59054 "-" "meta-externalagent/1.1 (+https://developers.facebook.com/docs/sharing/webmasters/crawler)"
57.141.0.8 - - [22/Mar/2026:08:26:00 -0500] "GET /products/66886169798?fileloc=/home/sps/public_html/xmlrpc.php&path=/home/sps/public_html HTTP/2.0" 200 16200 "-" "meta-externalagent/1.1 (+https://developers.facebook.com/docs/sharing/webmasters/crawler)"
57.141.0.31 - - [22/Mar/2026:08:26:00 -0500] "GET /products/73405272044?fileloc=/home/sps/public_html/wp-load.php&path=/home/sps/public_html HTTP/2.0" 200 16843 "-" "meta-externalagent/1.1 (+https://developers.facebook.com/docs/sharing/webmasters/crawler)"
57.141.0.8 - - [22/Mar/2026:08:26:01 -0500] "GET /products/4272524587?fileloc=/home/sps/public_html/.htaccess&path=/home/sps/public_html HTTP/2.0" 200 12542 "-" "meta-externalagent/1.1 (+https://developers.facebook.com/docs/sharing/webmasters/crawler)"
57.141.0.55 - - [22/Mar/2026:08:26:01 -0500] "GET /products/4272524587?path=/home HTTP/2.0" 200 74269 "-" "meta-externalagent/1.1 (+https://developers.facebook.com/docs/sharing/webmasters/crawler)"
57.141.0.26 - - [22/Mar/2026:08:26:04 -0500] "GET /products/66886174570?fileloc=/home/sps/public_html/wp-login.php&path=/home/sps/public_html HTTP/2.0" 200 74883 "-" "meta-externalagent/1.1 (+https://developers.facebook.com/docs/sharing/webmasters/crawler)"
66.249.69.141 - - [22/Mar/2026:08:26:04 -0500] "GET /robots.txt HTTP/1.1" 200 23762 "-" "Mozilla/5.0 (compatible; Googlebot/2.1; +http://www.google.com/bot.html)"
57.141.0.4 - - [22/Mar/2026:08:26:04 -0500] "GET /products/42725267754?fileloc=/home/sps/public_html/xmlrpc.php&path=/home/sps/public_html HTTP/2.0" 200 16200 "-" "meta-externalagent/1.1 (+https://developers.facebook.com/docs/sharing/webmasters/crawler)"
66.249.69.141 - - [22/Mar/2026:08:26:05 -0500] "GET /goods/3277345277690.phtml?srsltid=AfmBOooLbWQ2Ty9X9FhpaLzfua6FZmc75Lb1TcX4TpagM9JHCDR4qKkT HTTP/1.1" 200 3713 "-" "Mozilla/5.0 (Linux; Android 6.0.1; Nexus 5X Build/MMB29P) AppleWebKit/537.36 (KHTML, like Gecko) Chrome/145.0.7632.159 Mobile Safari/537.36 (compatible; Googlebot/2.1; +http://www.google.com/bot.html)"
57.141.0.65 - - [22/Mar/2026:08:26:05 -0500] "GET /products/73405159741?fileloc=/home/sps/public_html/wp-config-sample.php&path=/home/sps/public_html HTTP/2.0" 200 16054 "-" "meta-externalagent/1.1 (+https://developers.facebook.com/docs/sharing/webmasters/crawler)"
57.141.0.65 - - [22/Mar/2026:08:26:05 -0500] "GET /products/73405159741?fileloc=/home/sps/public_html/.htaccess&path=/home/sps/public_html HTTP/2.0" 200 12542 "-" "meta-externalagent/1.1 (+https://developers.facebook.com/docs/sharing/webmasters/crawler)"
57.141.0.61 - - [22/Mar/2026:08:26:06 -0500] "GET /products/73405159741?fileloc=/home/sps/public_html/wp-mail.php&path=/home/sps/public_html HTTP/2.0" 200 22225 "-" "meta-externalagent/1.1 (+https://developers.facebook.com/docs/sharing/webmasters/crawler)"
57.141.0.32 - - [22/Mar/2026:08:26:08 -0500] "GET /products/42725267754?fileloc=/home/sps/public_html/wp-settings.php&path=/home/sps/public_html HTTP/2.0" 200 46931 "-" "meta-externalagent/1.1 (+https://developers.facebook.com/docs/sharing/webmasters/crawler)"
57.141.0.47 - - [22/Mar/2026:08:26:10 -0500] "GET /products/73405159741?path=/ HTTP/2.0" 200 58562 "-" "meta-externalagent/1.1 (+https://developers.facebook.com/docs/sharing/webmasters/crawler)"
57.141.0.47 - - [22/Mar/2026:08:26:10 -0500] "GET /products/69764232736?path=/ HTTP/2.0" 200 58562 "-" "meta-externalagent/1.1 (+https://developers.facebook.com/docs/sharing/webmasters/crawler)"
57.141.0.15 - - [22/Mar/2026:08:26:10 -0500] "GET /products/88021252309?fileloc=/home/sps/public_html/xmlrpc.php&path=/home/sps/public_html HTTP/2.0" 200 16200 "-" "meta-externalagent/1.1 (+https://developers.facebook.com/docs/sharing/webmasters/crawler)"
57.141.0.70 - - [22/Mar/2026:08:26:11 -0500] "GET /products/42725267754?fileloc=/home/sps/public_html/tgmnb.php&path=/home/sps/public_html HTTP/2.0" 200 44808 "-" "meta-externalagent/1.1 (+https://developers.facebook.com/docs/sharing/webmasters/crawler)"
57.141.0.15 - - [22/Mar/2026:08:26:12 -0500] "GET /products/7944189246?fileloc=/home/sps/public_html/wp-load.php&path=/home/sps/public_html HTTP/2.0" 200 16843 "-" "meta-externalagent/1.1 (+https://developers.facebook.com/docs/sharing/webmasters/crawler)"
57.141.0.34 - - [22/Mar/2026:08:26:12 -0500] "GET /products/69764232736?fileloc=/home/sps/public_html/wp-cron.php&path=/home/sps/public_html HTTP/2.0" 200 18290 "-" "meta-externalagent/1.1 (+https://developers.facebook.com/docs/sharing/webmasters/crawler)"
57.141.0.65 - - [22/Mar/2026:08:26:13 -0500] "GET /products/4272524587?path=/home/sps/public_html/wp-content HTTP/2.0" 200 57922 "-" "meta-externalagent/1.1 (+https://developers.facebook.com/docs/sharing/webmasters/crawler)"
57.141.0.61 - - [22/Mar/2026:08:26:13 -0500] "GET /products/4272524587?fileloc=/home/sps/public_html/wp-links-opml.php&path=/home/sps/public_html HTTP/2.0" 200 15383 "-" "meta-externalagent/1.1 (+https://developers.facebook.com/docs/sharing/webmasters/crawler)"
57.141.0.39 - - [22/Mar/2026:08:26:15 -0500] "GET /products/66886169798?path=/home/sps/public_html/.tmb HTTP/2.0" 200 12776 "-" "meta-externalagent/1.1 (+https://developers.facebook.com/docs/sharing/webmasters/crawler)"
57.141.0.8 - - [22/Mar/2026:08:26:16 -0500] "GET /products/69764232736?fileloc=/home/sps/public_html/wp-login.php&path=/home/sps/public_html HTTP/2.0" 200 74883 "-" "meta-externalagent/1.1 (+https://developers.facebook.com/docs/sharing/webmasters/crawler)"
57.141.0.55 - - [22/Mar/2026:08:26:17 -0500] "GET /products/88021169078?fileloc=/home/sps/public_html/wp-config.php&path=/home/sps/public_html HTTP/2.0" 200 16685 "-" "meta-externalagent/1.1 (+https://developers.facebook.com/docs/sharing/webmasters/crawler)"
57.141.0.37 - - [22/Mar/2026:08:26:17 -0500] "GET /products/7944189246?fileloc=/home/sps/public_html/.htaccess&path=/home/sps/public_html HTTP/2.0" 200 12542 "-" "meta-externalagent/1.1 (+https://developers.facebook.com/docs/sharing/webmasters/crawler)"
57.141.0.22 - - [22/Mar/2026:08:26:18 -0500] "GET /products/66886174570?fileloc=/home/sps/public_html/error_log&path=/home/sps/public_html HTTP/2.0" 200 24529852 "-" "meta-externalagent/1.1 (+https://developers.facebook.com/docs/sharing/webmasters/crawler)"
57.141.0.55 - - [22/Mar/2026:08:26:19 -0500] "GET /products/73405272044?fileloc=/home/sps/public_html/wp-mail.php&path=/home/sps/public_html HTTP/2.0" 200 22225 "-" "meta-externalagent/1.1 (+https://developers.facebook.com/docs/sharing/webmasters/crawler)"
57.141.0.46 - - [22/Mar/2026:08:26:20 -0500] "GET /products/73405159741?fileloc=/home/sps/public_html/wp-load.php&path=/home/sps/public_html HTTP/2.0" 200 16843 "-" "meta-externalagent/1.1 (+https://developers.facebook.com/docs/sharing/webmasters/crawler)"
57.141.0.59 - - [22/Mar/2026:08:26:22 -0500] "GET /products/73405255998?fileloc=/home/sps/public_html/xmlrpc.php&path=/home/sps/public_html HTTP/2.0" 200 16200 "-" "meta-externalagent/1.1 (+https://developers.facebook.com/docs/sharing/webmasters/crawler)"
69.16.200.33 - - [22/Mar/2026:08:26:22 -0500] "GET /new HTTP/1.1" 200 47379 "-" "Mozilla/5.0 (Windows NT 10.0; Win64; x64; rv:122.0) Gecko/20100101 Firefox/122.0"
57.141.0.68 - - [22/Mar/2026:08:26:23 -0500] "GET /products/42725267754?fileloc=/home/sps/public_html/wp-config.php&path=/home/sps/public_html HTTP/2.0" 200 16685 "-" "meta-externalagent/1.1 (+https://developers.facebook.com/docs/sharing/webmasters/crawler)"
57.141.0.68 - - [22/Mar/2026:08:26:23 -0500] "GET /products/66886169798?fileloc=/home/sps/public_html/wp-settings.php&path=/home/sps/public_html HTTP/2.0" 200 46931 "-" "meta-externalagent/1.1 (+https://developers.facebook.com/docs/sharing/webmasters/crawler)"
57.141.0.21 - - [22/Mar/2026:08:26:24 -0500] "GET /products/7944189246?fileloc=/home/sps/public_html/wp-activate.php&path=/home/sps/public_html HTTP/2.0" 200 21315 "-" "meta-externalagent/1.1 (+https://developers.facebook.com/docs/sharing/webmasters/crawler)"
57.141.0.50 - - [22/Mar/2026:08:26:25 -0500] "GET /products/42725267754?fileloc=/home/sps/public_html/wp-config-sample.php&path=/home/sps/public_html HTTP/2.0" 200 16054 "-" "meta-externalagent/1.1 (+https://developers.facebook.com/docs/sharing/webmasters/crawler)"
57.141.0.49 - - [22/Mar/2026:08:26:25 -0500] "GET /products/7944189246?path=/home HTTP/2.0" 200 74269 "-" "meta-externalagent/1.1 (+https://developers.facebook.com/docs/sharing/webmasters/crawler)"
57.141.0.71 - - [22/Mar/2026:08:26:26 -0500] "GET /products/73405159741?fileloc=/home/sps/public_html/wp-cron.php&path=/home/sps/public_html HTTP/2.0" 200 18290 "-" "meta-externalagent/1.1 (+https://developers.facebook.com/docs/sharing/webmasters/crawler)"
69.16.200.33 - - [22/Mar/2026:08:26:27 -0500] "GET / HTTP/1.1" 200 47379 "-" "Mozilla/5.0 (Windows NT 10.0; Win64; x64; rv:122.0) Gecko/20100101 Firefox/122.0"
57.141.0.28 - - [22/Mar/2026:08:26:28 -0500] "GET /products/7944189246?fileloc=/home/sps/public_html/wp-trackback.php&path=/home/sps/public_html HTTP/2.0" 200 18443 "-" "meta-externalagent/1.1 (+https://developers.facebook.com/docs/sharing/webmasters/crawler)"
57.141.0.21 - - [22/Mar/2026:08:26:28 -0500] "GET /products/73405272044?fileloc=/home/sps/public_html/wp-config-sample.php&path=/home/sps/public_html HTTP/2.0" 200 16054 "-" "meta-externalagent/1.1 (+https://developers.facebook.com/docs/sharing/webmasters/crawler)"
57.141.0.39 - - [22/Mar/2026:08:26:28 -0500] "GET /products/39072104839?path=/ HTTP/2.0" 200 58562 "-" "meta-externalagent/1.1 (+https://developers.facebook.com/docs/sharing/webmasters/crawler)"
57.141.0.24 - - [22/Mar/2026:08:26:30 -0500] "GET /products/73405255998?path=/home/sps/public_html/.tmb HTTP/2.0" 200 12776 "-" "meta-externalagent/1.1 (+https://developers.facebook.com/docs/sharing/webmasters/crawler)"
57.141.0.4 - - [22/Mar/2026:08:26:29 -0500] "GET /products/39072104839?fileloc=/home/sps/public_html/error_log&path=/home/sps/public_html HTTP/2.0" 200 24532657 "-" "meta-externalagent/1.1 (+https://developers.facebook.com/docs/sharing/webmasters/crawler)"
57.141.0.23 - - [22/Mar/2026:08:26:32 -0500] "GET /products/88021252309?fileloc=/home/sps/public_html/.htaccess&path=/home/sps/public_html HTTP/2.0" 200 12542 "-" "meta-externalagent/1.1 (+https://developers.facebook.com/docs/sharing/webmasters/crawler)"
57.141.0.61 - - [22/Mar/2026:08:26:33 -0500] "GET /products/73405255998?fileloc=/home/sps/public_html/wp-config-sample.php&path=/home/sps/public_html HTTP/2.0" 200 16054 "-" "meta-externalagent/1.1 (+https://developers.facebook.com/docs/sharing/webmasters/crawler)"
57.141.0.39 - - [22/Mar/2026:08:26:34 -0500] "GET /products/7944189246?fileloc=/home/sps/public_html/tgmnb.php&path=/home/sps/public_html HTTP/2.0" 200 44808 "-" "meta-externalagent/1.1 (+https://developers.facebook.com/docs/sharing/webmasters/crawler)"
57.141.0.32 - - [22/Mar/2026:08:26:35 -0500] "GET /products/8802130506?path=/home/sps/public_html/wp-includes HTTP/2.0" 200 443002 "-" "meta-externalagent/1.1 (+https://developers.facebook.com/docs/sharing/webmasters/crawler)"
57.141.0.45 - - [22/Mar/2026:08:26:35 -0500] "GET /products/4272524587?fileloc=/home/sps/public_html/wp-config.php&path=/home/sps/public_html HTTP/2.0" 200 16685 "-" "meta-externalagent/1.1 (+https://developers.facebook.com/docs/sharing/webmasters/crawler)"
57.141.0.28 - - [22/Mar/2026:08:26:37 -0500] "GET /products/73405159741?fileloc=/home/sps/public_html/wp-login.php&path=/home/sps/public_html HTTP/2.0" 200 74883 "-" "meta-externalagent/1.1 (+https://developers.facebook.com/docs/sharing/webmasters/crawler)"
57.141.0.65 - - [22/Mar/2026:08:26:38 -0500] "GET /products/73405159741?fileloc=/home/sps/public_html/wp-settings.php&path=/home/sps/public_html HTTP/2.0" 200 46931 "-" "meta-externalagent/1.1 (+https://developers.facebook.com/docs/sharing/webmasters/crawler)"
57.141.0.46 - - [22/Mar/2026:08:26:38 -0500] "GET /products/7944189246?path=/home/sps/public_html/wp-content HTTP/2.0" 200 57922 "-" "meta-externalagent/1.1 (+https://developers.facebook.com/docs/sharing/webmasters/crawler)"
57.141.0.32 - - [22/Mar/2026:08:26:39 -0500] "GET /products/39072104839?fileloc=/home/sps/public_html/index.php&path=/home/sps/public_html HTTP/2.0" 200 22506 "-" "meta-externalagent/1.1 (+https://developers.facebook.com/docs/sharing/webmasters/crawler)"
57.141.0.22 - - [22/Mar/2026:08:26:39 -0500] "GET /products/73405255998?fileloc=/home/sps/public_html/wp-load.php&path=/home/sps/public_html HTTP/2.0" 200 16843 "-" "meta-externalagent/1.1 (+https://developers.facebook.com/docs/sharing/webmasters/crawler)"
57.141.0.32 - - [22/Mar/2026:08:26:40 -0500] "GET /products/4272524587?fileloc=/home/sps/public_html/wp-config-sample.php&path=/home/sps/public_html HTTP/2.0" 200 16054 "-" "meta-externalagent/1.1 (+https://developers.facebook.com/docs/sharing/webmasters/crawler)"
57.141.0.39 - - [22/Mar/2026:08:26:40 -0500] "GET /products/42725267754?fileloc=/home/sps/public_html/wp-blog-header.php&path=/home/sps/public_html HTTP/2.0" 200 12709 "-" "meta-externalagent/1.1 (+https://developers.facebook.com/docs/sharing/webmasters/crawler)"
57.141.0.59 - - [22/Mar/2026:08:26:41 -0500] "GET /products/73405271594?path=/home/sps/public_html/images HTTP/2.0" 200 14290 "-" "meta-externalagent/1.1 (+https://developers.facebook.com/docs/sharing/webmasters/crawler)"
57.141.0.71 - - [22/Mar/2026:08:26:41 -0500] "GET /products/73405159741?fileloc=/home/sps/public_html/tgmnb.php&path=/home/sps/public_html HTTP/2.0" 200 44808 "-" "meta-externalagent/1.1 (+https://developers.facebook.com/docs/sharing/webmasters/crawler)"
57.141.0.50 - - [22/Mar/2026:08:26:43 -0500] "GET /products/73405159741?fileloc=/home/sps/public_html/index.php&path=/home/sps/public_html HTTP/2.0" 200 22506 "-" "meta-externalagent/1.1 (+https://developers.facebook.com/docs/sharing/webmasters/crawler)"
57.141.0.22 - - [22/Mar/2026:08:26:45 -0500] "GET /products/73405159741?fileloc=/home/sps/public_html/wp-activate.php&path=/home/sps/public_html HTTP/2.0" 200 21315 "-" "meta-externalagent/1.1 (+https://developers.facebook.com/docs/sharing/webmasters/crawler)"
57.141.0.8 - - [22/Mar/2026:08:26:47 -0500] "GET /products/39072104839?path=/home/sps HTTP/2.0" 200 59054 "-" "meta-externalagent/1.1 (+https://developers.facebook.com/docs/sharing/webmasters/crawler)"
57.141.0.8 - - [22/Mar/2026:08:26:48 -0500] "GET /products/39072104839?fileloc=/home/sps/public_html/wp-comments-post.php&path=/home/sps/public_html HTTP/2.0" 200 15006 "-" "meta-externalagent/1.1 (+https://developers.facebook.com/docs/sharing/webmasters/crawler)"
57.141.0.55 - - [22/Mar/2026:08:26:48 -0500] "GET /products/69764232736?fileloc=/home/sps/public_html/wp-blog-header.php&path=/home/sps/public_html HTTP/2.0" 200 12709 "-" "meta-externalagent/1.1 (+https://developers.facebook.com/docs/sharing/webmasters/crawler)"
57.141.0.28 - - [22/Mar/2026:08:26:49 -0500] "GET /products/7944189246?path=/home/sps/public_html/wp-admin HTTP/2.0" 200 166472 "-" "meta-externalagent/1.1 (+https://developers.facebook.com/docs/sharing/webmasters/crawler)"
57.141.0.61 - - [22/Mar/2026:08:26:51 -0500] "GET /products/73405271594?path=/home/sps/public_html/.tmb HTTP/2.0" 200 12776 "-" "meta-externalagent/1.1 (+https://developers.facebook.com/docs/sharing/webmasters/crawler)"
57.141.0.37 - - [22/Mar/2026:08:26:51 -0500] "GET /products/4272524587?fileloc=/home/sps/public_html/wp-trackback.php&path=/home/sps/public_html HTTP/2.0" 200 18443 "-" "meta-externalagent/1.1 (+https://developers.facebook.com/docs/sharing/webmasters/crawler)"
57.141.0.21 - - [22/Mar/2026:08:26:51 -0500] "GET /products/6976438425?fileloc=/home/sps/public_html/wp-comments-post.php&path=/home/sps/public_html HTTP/2.0" 200 15006 "-" "meta-externalagent/1.1 (+https://developers.facebook.com/docs/sharing/webmasters/crawler)"
57.141.0.32 - - [22/Mar/2026:08:26:52 -0500] "GET /products/4272524587?path=/home/sps/public_html/images HTTP/2.0" 200 14290 "-" "meta-externalagent/1.1 (+https://developers.facebook.com/docs/sharing/webmasters/crawler)"
57.141.0.32 - - [22/Mar/2026:08:26:52 -0500] "GET /products/39072104839?path=/home/sps/public_html/wp-content HTTP/2.0" 200 57922 "-" "meta-externalagent/1.1 (+https://developers.facebook.com/docs/sharing/webmasters/crawler)"
57.141.0.61 - - [22/Mar/2026:08:26:53 -0500] "GET /products/73405271594?fileloc=/home/sps/public_html/xmlrpc.php&path=/home/sps/public_html HTTP/2.0" 200 16200 "-" "meta-externalagent/1.1 (+https://developers.facebook.com/docs/sharing/webmasters/crawler)"
57.141.0.71 - - [22/Mar/2026:08:26:54 -0500] "GET /products/3907229163?fileloc=/home/sps/public_html/wp-comments-post.php&path=/home/sps/public_html HTTP/2.0" 200 15006 "-" "meta-externalagent/1.1 (+https://developers.facebook.com/docs/sharing/webmasters/crawler)"
57.141.0.50 - - [22/Mar/2026:08:26:54 -0500] "GET /products/73405255998?fileloc=/home/sps/public_html/index.php&path=/home/sps/public_html HTTP/2.0" 200 22506 "-" "meta-externalagent/1.1 (+https://developers.facebook.com/docs/sharing/webmasters/crawler)"
57.141.0.34 - - [22/Mar/2026:08:26:54 -0500] "GET /products/6976438425?fileloc=/home/sps/public_html/wp-login.php&path=/home/sps/public_html HTTP/2.0" 200 74883 "-" "meta-externalagent/1.1 (+https://developers.facebook.com/docs/sharing/webmasters/crawler)"
57.141.0.15 - - [22/Mar/2026:08:26:57 -0500] "GET /products/73405271594?fileloc=/home/sps/public_html/wp-blog-header.php&path=/home/sps/public_html HTTP/2.0" 200 12709 "-" "meta-externalagent/1.1 (+https://developers.facebook.com/docs/sharing/webmasters/crawler)"
57.141.0.26 - - [22/Mar/2026:08:26:58 -0500] "GET /products/8802130506?path=/home HTTP/2.0" 200 74269 "-" "meta-externalagent/1.1 (+https://developers.facebook.com/docs/sharing/webmasters/crawler)"
57.141.0.61 - - [22/Mar/2026:08:27:00 -0500] "GET /products/6976438425?fileloc=/home/sps/public_html/wp-trackback.php&path=/home/sps/public_html HTTP/2.0" 200 18443 "-" "meta-externalagent/1.1 (+https://developers.facebook.com/docs/sharing/webmasters/crawler)"
57.141.0.71 - - [22/Mar/2026:08:27:01 -0500] "GET /products/69764232736?path=/home HTTP/2.0" 200 74269 "-" "meta-externalagent/1.1 (+https://developers.facebook.com/docs/sharing/webmasters/crawler)"
57.141.0.32 - - [22/Mar/2026:08:27:02 -0500] "GET /products/73405255998?fileloc=/home/sps/public_html/wp-trackback.php&path=/home/sps/public_html HTTP/2.0" 200 18443 "-" "meta-externalagent/1.1 (+https://developers.facebook.com/docs/sharing/webmasters/crawler)"
57.141.0.50 - - [22/Mar/2026:08:27:02 -0500] "GET /products/69764232736?fileloc=/home/sps/public_html/wp-config.php&path=/home/sps/public_html HTTP/2.0" 200 16685 "-" "meta-externalagent/1.1 (+https://developers.facebook.com/docs/sharing/webmasters/crawler)"
57.141.0.54 - - [22/Mar/2026:08:27:02 -0500] "GET /products/8802130506?fileloc=/home/sps/public_html/wp-activate.php&path=/home/sps/public_html HTTP/2.0" 200 21315 "-" "meta-externalagent/1.1 (+https://developers.facebook.com/docs/sharing/webmasters/crawler)"
57.141.0.39 - - [22/Mar/2026:08:27:02 -0500] "GET /products/69764232736?fileloc=/home/sps/public_html/tgmnb.php&path=/home/sps/public_html HTTP/2.0" 200 44808 "-" "meta-externalagent/1.1 (+https://developers.facebook.com/docs/sharing/webmasters/crawler)"
57.141.0.71 - - [22/Mar/2026:08:27:03 -0500] "GET /products/39072104839?fileloc=/home/sps/public_html/wp-config-sample.php&path=/home/sps/public_html HTTP/2.0" 200 16054 "-" "meta-externalagent/1.1 (+https://developers.facebook.com/docs/sharing/webmasters/crawler)"
57.141.0.31 - - [22/Mar/2026:08:27:05 -0500] "GET /products/8802130506?path=/home/sps/public_html HTTP/2.0" 200 47379 "-" "meta-externalagent/1.1 (+https://developers.facebook.com/docs/sharing/webmasters/crawler)"
57.141.0.45 - - [22/Mar/2026:08:27:05 -0500] "GET /products/69764232736?path=/home/sps/public_html/.tmb HTTP/2.0" 200 12776 "-" "meta-externalagent/1.1 (+https://developers.facebook.com/docs/sharing/webmasters/crawler)"
57.141.0.55 - - [22/Mar/2026:08:27:07 -0500] "GET /products/3907229163?path=/home/sps/public_html HTTP/2.0" 200 47379 "-" "meta-externalagent/1.1 (+https://developers.facebook.com/docs/sharing/webmasters/crawler)"
57.141.0.45 - - [22/Mar/2026:08:27:08 -0500] "GET /products/6976438425?fileloc=/home/sps/public_html/wp-activate.php&path=/home/sps/public_html HTTP/2.0" 200 21315 "-" "meta-externalagent/1.1 (+https://developers.facebook.com/docs/sharing/webmasters/crawler)"
57.141.0.8 - - [22/Mar/2026:08:27:08 -0500] "GET /products/6976438425?path=/home/sps/public_html HTTP/2.0" 200 47379 "-" "meta-externalagent/1.1 (+https://developers.facebook.com/docs/sharing/webmasters/crawler)"
57.141.0.70 - - [22/Mar/2026:08:27:09 -0500] "GET /products/73405271594?path=/home/sps/public_html HTTP/2.0" 200 47379 "-" "meta-externalagent/1.1 (+https://developers.facebook.com/docs/sharing/webmasters/crawler)"
57.141.0.71 - - [22/Mar/2026:08:27:09 -0500] "GET /products/3907229163?fileloc=/home/sps/public_html/wp-cron.php&path=/home/sps/public_html HTTP/2.0" 200 18290 "-" "meta-externalagent/1.1 (+https://developers.facebook.com/docs/sharing/webmasters/crawler)"
57.141.0.39 - - [22/Mar/2026:08:27:11 -0500] "GET /products/4272524587?path=/home/sps/public_html HTTP/2.0" 200 47378 "-" "meta-externalagent/1.1 (+https://developers.facebook.com/docs/sharing/webmasters/crawler)"
57.141.0.37 - - [22/Mar/2026:08:27:11 -0500] "GET /products/8802130506?fileloc=/home/sps/public_html/wp-load.php&path=/home/sps/public_html HTTP/2.0" 200 16843 "-" "meta-externalagent/1.1 (+https://developers.facebook.com/docs/sharing/webmasters/crawler)"
57.141.0.49 - - [22/Mar/2026:08:27:12 -0500] "GET /products/73405255998?path=/home/sps/public_html/images HTTP/2.0" 200 14290 "-" "meta-externalagent/1.1 (+https://developers.facebook.com/docs/sharing/webmasters/crawler)"
57.141.0.46 - - [22/Mar/2026:08:27:12 -0500] "GET /products/69764232736?fileloc=/home/sps/public_html/wp-links-opml.php&path=/home/sps/public_html HTTP/2.0" 200 15383 "-" "meta-externalagent/1.1 (+https://developers.facebook.com/docs/sharing/webmasters/crawler)"
57.141.0.47 - - [22/Mar/2026:08:27:13 -0500] "GET /products/39072104839?fileloc=/home/sps/public_html/wp-load.php&path=/home/sps/public_html HTTP/2.0" 200 16843 "-" "meta-externalagent/1.1 (+https://developers.facebook.com/docs/sharing/webmasters/crawler)"
57.141.0.47 - - [22/Mar/2026:08:27:13 -0500] "GET /products/39072104839?path=/home/sps/public_html/.tmb HTTP/2.0" 200 12776 "-" "meta-externalagent/1.1 (+https://developers.facebook.com/docs/sharing/webmasters/crawler)"
57.141.0.70 - - [22/Mar/2026:08:27:14 -0500] "GET /products/62345103851?fileloc=/home/sps/public_html/wp-login.php&path=/home/sps/public_html HTTP/2.0" 200 74883 "-" "meta-externalagent/1.1 (+https://developers.facebook.com/docs/sharing/webmasters/crawler)"
57.141.0.39 - - [22/Mar/2026:08:27:15 -0500] "GET /products/39072104839?path=/home/sps/public_html HTTP/2.0" 200 47378 "-" "meta-externalagent/1.1 (+https://developers.facebook.com/docs/sharing/webmasters/crawler)"
57.141.0.47 - - [22/Mar/2026:08:27:15 -0500] "GET /products/69764232736?path=/home/sps/public_html/wp-admin HTTP/2.0" 200 166472 "-" "meta-externalagent/1.1 (+https://developers.facebook.com/docs/sharing/webmasters/crawler)"
57.141.0.8 - - [22/Mar/2026:08:27:19 -0500] "GET /products/69764126793?path=/home/sps/public_html HTTP/2.0" 200 47378 "-" "meta-externalagent/1.1 (+https://developers.facebook.com/docs/sharing/webmasters/crawler)"
57.141.0.47 - - [22/Mar/2026:08:27:19 -0500] "GET /products/73405271594?fileloc=/home/sps/public_html/index.php&path=/home/sps/public_html HTTP/2.0" 200 22506 "-" "meta-externalagent/1.1 (+https://developers.facebook.com/docs/sharing/webmasters/crawler)"
57.141.0.15 - - [22/Mar/2026:08:27:20 -0500] "GET /products/11774224210?path=/home/sps/public_html/wp-admin HTTP/2.0" 200 166472 "-" "meta-externalagent/1.1 (+https://developers.facebook.com/docs/sharing/webmasters/crawler)"
57.141.0.70 - - [22/Mar/2026:08:27:20 -0500] "GET /products/69764126793?path=/home/sps/public_html/.tmb HTTP/2.0" 200 12776 "-" "meta-externalagent/1.1 (+https://developers.facebook.com/docs/sharing/webmasters/crawler)"
57.141.0.37 - - [22/Mar/2026:08:27:22 -0500] "GET /products/73405271594?fileloc=/home/sps/public_html/wp-login.php&path=/home/sps/public_html HTTP/2.0" 200 74883 "-" "meta-externalagent/1.1 (+https://developers.facebook.com/docs/sharing/webmasters/crawler)"
57.141.0.68 - - [22/Mar/2026:08:27:22 -0500] "GET /products/69764232736?fileloc=/home/sps/public_html/wp-activate.php&path=/home/sps/public_html HTTP/2.0" 200 21315 "-" "meta-externalagent/1.1 (+https://developers.facebook.com/docs/sharing/webmasters/crawler)"
57.141.0.46 - - [22/Mar/2026:08:27:23 -0500] "GET /products/73405255998?fileloc=/home/sps/public_html/wp-links-opml.php&path=/home/sps/public_html HTTP/2.0" 200 15383 "-" "meta-externalagent/1.1 (+https://developers.facebook.com/docs/sharing/webmasters/crawler)"
57.141.0.4 - - [22/Mar/2026:08:27:23 -0500] "GET /products/73405271594?fileloc=/home/sps/public_html/wp-config.php&path=/home/sps/public_html HTTP/2.0" 200 16685 "-" "meta-externalagent/1.1 (+https://developers.facebook.com/docs/sharing/webmasters/crawler)"
57.141.0.32 - - [22/Mar/2026:08:27:24 -0500] "GET /products/73405271594?path=/home/sps HTTP/2.0" 200 59054 "-" "meta-externalagent/1.1 (+https://developers.facebook.com/docs/sharing/webmasters/crawler)"
57.141.0.61 - - [22/Mar/2026:08:27:25 -0500] "GET /products/3907229163?path=/home/sps/public_html/wp-admin HTTP/2.0" 200 166472 "-" "meta-externalagent/1.1 (+https://developers.facebook.com/docs/sharing/webmasters/crawler)"
57.141.0.61 - - [22/Mar/2026:08:27:26 -0500] "GET /products/73405255998?path=/home/sps HTTP/2.0" 200 59054 "-" "meta-externalagent/1.1 (+https://developers.facebook.com/docs/sharing/webmasters/crawler)"
57.141.0.47 - - [22/Mar/2026:08:27:27 -0500] "GET /products/3907229163?fileloc=/home/sps/public_html/wp-config.php&path=/home/sps/public_html HTTP/2.0" 200 16685 "-" "meta-externalagent/1.1 (+https://developers.facebook.com/docs/sharing/webmasters/crawler)"
57.141.0.70 - - [22/Mar/2026:08:27:29 -0500] "GET /products/62345103851?fileloc=/home/sps/public_html/wp-config-sample.php&path=/home/sps/public_html HTTP/2.0" 200 16054 "-" "meta-externalagent/1.1 (+https://developers.facebook.com/docs/sharing/webmasters/crawler)"
57.141.0.55 - - [22/Mar/2026:08:27:30 -0500] "GET /products/73405271594?path=/home/sps/public_html/wp-admin HTTP/2.0" 200 166472 "-" "meta-externalagent/1.1 (+https://developers.facebook.com/docs/sharing/webmasters/crawler)"
