57.141.0.28 - - [22/Mar/2026:08:39:15 -0500] "GET /products/79441127502?path=/home/sps/public_html/wp-content HTTP/2.0" 200 57922 "-" "meta-externalagent/1.1 (+https://developers.facebook.com/docs/sharing/webmasters/crawler)"
57.141.0.4 - - [22/Mar/2026:08:39:15 -0500] "GET /products/79441127502?path=/home/sps/public_html/wp-admin HTTP/2.0" 200 166472 "-" "meta-externalagent/1.1 (+https://developers.facebook.com/docs/sharing/webmasters/crawler)"
57.141.0.26 - - [22/Mar/2026:08:39:15 -0500] "GET /products/39072201904?path=/home/sps/public_html/wp-admin HTTP/2.0" 200 166472 "-" "meta-externalagent/1.1 (+https://developers.facebook.com/docs/sharing/webmasters/crawler)"
57.141.0.71 - - [22/Mar/2026:08:39:18 -0500] "GET /products/88021195227?fileloc=/home/sps/public_html/wp-load.php&path=/home/sps/public_html HTTP/2.0" 200 16843 "-" "meta-externalagent/1.1 (+https://developers.facebook.com/docs/sharing/webmasters/crawler)"
57.141.0.61 - - [22/Mar/2026:08:39:19 -0500] "GET /products/39072201904?path=/home/sps/public_html/images HTTP/2.0" 200 14290 "-" "meta-externalagent/1.1 (+https://developers.facebook.com/docs/sharing/webmasters/crawler)"
57.141.0.22 - - [22/Mar/2026:08:39:19 -0500] "GET /products/88021195227?fileloc=/home/sps/public_html/wp-comments-post.php&path=/home/sps/public_html HTTP/2.0" 200 15006 "-" "meta-externalagent/1.1 (+https://developers.facebook.com/docs/sharing/webmasters/crawler)"
57.141.0.70 - - [22/Mar/2026:08:39:20 -0500] "GET /products/88021195227?path=/ HTTP/2.0" 200 58562 "-" "meta-externalagent/1.1 (+https://developers.facebook.com/docs/sharing/webmasters/crawler)"
57.141.0.37 - - [22/Mar/2026:08:39:20 -0500] "GET /products/39072201904?path=/home/sps/public_html HTTP/2.0" 200 47379 "-" "meta-externalagent/1.1 (+https://developers.facebook.com/docs/sharing/webmasters/crawler)"
57.141.0.23 - - [22/Mar/2026:08:39:20 -0500] "GET /products/69764282699?path=/home/sps/public_html HTTP/2.0" 200 47379 "-" "meta-externalagent/1.1 (+https://developers.facebook.com/docs/sharing/webmasters/crawler)"
57.141.0.26 - - [22/Mar/2026:08:39:23 -0500] "GET /products/39072201904?path=/home/sps/public_html/wp-includes HTTP/2.0" 200 443002 "-" "meta-externalagent/1.1 (+https://developers.facebook.com/docs/sharing/webmasters/crawler)"
57.141.0.65 - - [22/Mar/2026:08:39:23 -0500] "GET /products/69764282699?path=/home/sps/public_html/wp-includes HTTP/2.0" 200 443002 "-" "meta-externalagent/1.1 (+https://developers.facebook.com/docs/sharing/webmasters/crawler)"
57.141.0.68 - - [22/Mar/2026:08:39:24 -0500] "GET /products/39072201904?fileloc=/home/sps/public_html/wp-mail.php&path=/home/sps/public_html HTTP/2.0" 200 22225 "-" "meta-externalagent/1.1 (+https://developers.facebook.com/docs/sharing/webmasters/crawler)"
57.141.0.71 - - [22/Mar/2026:08:39:25 -0500] "GET /products/69764282699?fileloc=/home/sps/public_html/tgmnb.php&path=/home/sps/public_html HTTP/2.0" 200 44808 "-" "meta-externalagent/1.1 (+https://developers.facebook.com/docs/sharing/webmasters/crawler)"
57.141.0.46 - - [22/Mar/2026:08:39:26 -0500] "GET /products/69764282699?path=/ HTTP/2.0" 200 58562 "-" "meta-externalagent/1.1 (+https://developers.facebook.com/docs/sharing/webmasters/crawler)"
57.141.0.22 - - [22/Mar/2026:08:39:27 -0500] "GET /products/88021195227?fileloc=/home/sps/public_html/wp-blog-header.php&path=/home/sps/public_html HTTP/2.0" 200 12709 "-" "meta-externalagent/1.1 (+https://developers.facebook.com/docs/sharing/webmasters/crawler)"
57.141.0.34 - - [22/Mar/2026:08:39:27 -0500] "GET /products/69764282699?fileloc=/home/sps/public_html/index.php&path=/home/sps/public_html HTTP/2.0" 200 22506 "-" "meta-externalagent/1.1 (+https://developers.facebook.com/docs/sharing/webmasters/crawler)"
57.141.0.49 - - [22/Mar/2026:08:39:30 -0500] "GET /products/39072201904?fileloc=/home/sps/public_html/xmlrpc.php&path=/home/sps/public_html HTTP/2.0" 200 16200 "-" "meta-externalagent/1.1 (+https://developers.facebook.com/docs/sharing/webmasters/crawler)"
57.141.0.8 - - [22/Mar/2026:08:39:31 -0500] "GET /products/88021195227?fileloc=/home/sps/public_html/index.php&path=/home/sps/public_html HTTP/2.0" 200 22506 "-" "meta-externalagent/1.1 (+https://developers.facebook.com/docs/sharing/webmasters/crawler)"
57.141.0.23 - - [22/Mar/2026:08:39:32 -0500] "GET /products/3202355208?path=/home/sps/public_html/.tmb HTTP/2.0" 200 12776 "-" "meta-externalagent/1.1 (+https://developers.facebook.com/docs/sharing/webmasters/crawler)"
57.141.0.65 - - [22/Mar/2026:08:39:32 -0500] "GET /products/88021195227?fileloc=/home/sps/public_html/wp-config.php&path=/home/sps/public_html HTTP/2.0" 200 16685 "-" "meta-externalagent/1.1 (+https://developers.facebook.com/docs/sharing/webmasters/crawler)"
57.141.0.59 - - [22/Mar/2026:08:39:33 -0500] "GET /products/88021195227?fileloc=/home/sps/public_html/tgmnb.php&path=/home/sps/public_html HTTP/2.0" 200 44808 "-" "meta-externalagent/1.1 (+https://developers.facebook.com/docs/sharing/webmasters/crawler)"
57.141.0.8 - - [22/Mar/2026:08:39:34 -0500] "GET /products/3202355208?fileloc=/home/sps/public_html/wp-activate.php&path=/home/sps/public_html HTTP/2.0" 200 21315 "-" "meta-externalagent/1.1 (+https://developers.facebook.com/docs/sharing/webmasters/crawler)"
57.141.0.26 - - [22/Mar/2026:08:39:34 -0500] "GET /products/88021195227?path=/home HTTP/2.0" 200 74269 "-" "meta-externalagent/1.1 (+https://developers.facebook.com/docs/sharing/webmasters/crawler)"
57.141.0.71 - - [22/Mar/2026:08:39:34 -0500] "GET /products/39072201904?fileloc=/home/sps/public_html/wp-comments-post.php&path=/home/sps/public_html HTTP/2.0" 200 15006 "-" "meta-externalagent/1.1 (+https://developers.facebook.com/docs/sharing/webmasters/crawler)"
57.141.0.55 - - [22/Mar/2026:08:39:35 -0500] "GET /products/69764282699?path=/home/sps/public_html/images HTTP/2.0" 200 14290 "-" "meta-externalagent/1.1 (+https://developers.facebook.com/docs/sharing/webmasters/crawler)"
57.141.0.23 - - [22/Mar/2026:08:39:37 -0500] "GET /products/42725278283?path=/home/sps/public_html HTTP/2.0" 200 47379 "-" "meta-externalagent/1.1 (+https://developers.facebook.com/docs/sharing/webmasters/crawler)"
57.141.0.28 - - [22/Mar/2026:08:39:37 -0500] "GET /products/88021195227?fileloc=/home/sps/public_html/wp-links-opml.php&path=/home/sps/public_html HTTP/2.0" 200 15383 "-" "meta-externalagent/1.1 (+https://developers.facebook.com/docs/sharing/webmasters/crawler)"
57.141.0.65 - - [22/Mar/2026:08:39:39 -0500] "GET /products/880217161?fileloc=/home/sps/public_html/wp-cron.php&path=/home/sps/public_html HTTP/2.0" 200 18290 "-" "meta-externalagent/1.1 (+https://developers.facebook.com/docs/sharing/webmasters/crawler)"
57.141.0.55 - - [22/Mar/2026:08:39:39 -0500] "GET /products/88021195227?fileloc=/home/sps/public_html/wp-signup.php&path=/home/sps/public_html HTTP/2.0" 200 53858 "-" "meta-externalagent/1.1 (+https://developers.facebook.com/docs/sharing/webmasters/crawler)"
107.189.12.178 - - [22/Mar/2026:08:39:40 -0500] "GET /?author=6 HTTP/1.1" 200 3712 "-" "Mozilla/5.0 (Windows NT 10.0; Win64; x64) AppleWebKit/537.36 (KHTML, like Gecko) Chrome/92.0.4515.159 Safari/537.36"
57.141.0.8 - - [22/Mar/2026:08:39:40 -0500] "GET /products/69764282699?fileloc=/home/sps/public_html/wp-settings.php&path=/home/sps/public_html HTTP/2.0" 200 46931 "-" "meta-externalagent/1.1 (+https://developers.facebook.com/docs/sharing/webmasters/crawler)"
57.141.0.65 - - [22/Mar/2026:08:39:42 -0500] "GET /products/88021195227?path=/home/sps/public_html/.tmb HTTP/2.0" 200 12776 "-" "meta-externalagent/1.1 (+https://developers.facebook.com/docs/sharing/webmasters/crawler)"
57.141.0.55 - - [22/Mar/2026:08:39:42 -0500] "GET /products/42725278283?fileloc=/home/sps/public_html/wp-login.php&path=/home/sps/public_html HTTP/2.0" 200 74883 "-" "meta-externalagent/1.1 (+https://developers.facebook.com/docs/sharing/webmasters/crawler)"
57.141.0.47 - - [22/Mar/2026:08:39:44 -0500] "GET /products/6234546130?fileloc=/home/sps/public_html/wp-mail.php&path=/home/sps/public_html HTTP/2.0" 200 22225 "-" "meta-externalagent/1.1 (+https://developers.facebook.com/docs/sharing/webmasters/crawler)"
57.141.0.37 - - [22/Mar/2026:08:39:44 -0500] "GET /products/88021257747?fileloc=/home/sps/public_html/wp-settings.php&path=/home/sps/public_html HTTP/2.0" 200 46931 "-" "meta-externalagent/1.1 (+https://developers.facebook.com/docs/sharing/webmasters/crawler)"
57.141.0.45 - - [22/Mar/2026:08:39:45 -0500] "GET /products/880217161?path=/home/sps HTTP/2.0" 200 59054 "-" "meta-externalagent/1.1 (+https://developers.facebook.com/docs/sharing/webmasters/crawler)"
57.141.0.50 - - [22/Mar/2026:08:39:46 -0500] "GET /products/3202355208?fileloc=/home/sps/public_html/wp-config-sample.php&path=/home/sps/public_html HTTP/2.0" 200 16054 "-" "meta-externalagent/1.1 (+https://developers.facebook.com/docs/sharing/webmasters/crawler)"
57.141.0.22 - - [22/Mar/2026:08:39:47 -0500] "GET /products/88021257747?fileloc=/home/sps/public_html/index.php&path=/home/sps/public_html HTTP/2.0" 200 22506 "-" "meta-externalagent/1.1 (+https://developers.facebook.com/docs/sharing/webmasters/crawler)"
57.141.0.22 - - [22/Mar/2026:08:39:48 -0500] "GET /products/3202355208?fileloc=/home/sps/public_html/wp-signup.php&path=/home/sps/public_html HTTP/2.0" 200 53858 "-" "meta-externalagent/1.1 (+https://developers.facebook.com/docs/sharing/webmasters/crawler)"
57.141.0.61 - - [22/Mar/2026:08:39:48 -0500] "GET /products/3202355208?path=/home/sps/public_html/wp-admin HTTP/2.0" 200 166472 "-" "meta-externalagent/1.1 (+https://developers.facebook.com/docs/sharing/webmasters/crawler)"
57.141.0.54 - - [22/Mar/2026:08:39:49 -0500] "GET /products/880217161?fileloc=/home/sps/public_html/wp-login.php&path=/home/sps/public_html HTTP/2.0" 200 74883 "-" "meta-externalagent/1.1 (+https://developers.facebook.com/docs/sharing/webmasters/crawler)"
57.141.0.59 - - [22/Mar/2026:08:39:49 -0500] "GET /products/6234546130?path=/home/sps/public_html/images HTTP/2.0" 200 14290 "-" "meta-externalagent/1.1 (+https://developers.facebook.com/docs/sharing/webmasters/crawler)"
57.141.0.37 - - [22/Mar/2026:08:39:50 -0500] "GET /products/880217161?path=/home HTTP/2.0" 200 74269 "-" "meta-externalagent/1.1 (+https://developers.facebook.com/docs/sharing/webmasters/crawler)"
57.141.0.24 - - [22/Mar/2026:08:39:50 -0500] "GET /products/66886177982?fileloc=/home/sps/public_html/wp-cron.php&path=/home/sps/public_html HTTP/2.0" 200 18290 "-" "meta-externalagent/1.1 (+https://developers.facebook.com/docs/sharing/webmasters/crawler)"
57.141.0.54 - - [22/Mar/2026:08:39:51 -0500] "GET /products/3202355208?fileloc=/home/sps/public_html/wp-config.php&path=/home/sps/public_html HTTP/2.0" 200 16685 "-" "meta-externalagent/1.1 (+https://developers.facebook.com/docs/sharing/webmasters/crawler)"
57.141.0.46 - - [22/Mar/2026:08:39:52 -0500] "GET /products/42725278283?fileloc=/home/sps/public_html/wp-comments-post.php&path=/home/sps/public_html HTTP/2.0" 200 15006 "-" "meta-externalagent/1.1 (+https://developers.facebook.com/docs/sharing/webmasters/crawler)"
57.141.0.4 - - [22/Mar/2026:08:39:52 -0500] "GET /products/66886177982?fileloc=/home/sps/public_html/wp-login.php&path=/home/sps/public_html HTTP/2.0" 200 74883 "-" "meta-externalagent/1.1 (+https://developers.facebook.com/docs/sharing/webmasters/crawler)"
57.141.0.54 - - [22/Mar/2026:08:39:53 -0500] "GET /products/88021257747?fileloc=/home/sps/public_html/wp-config-sample.php&path=/home/sps/public_html HTTP/2.0" 200 16054 "-" "meta-externalagent/1.1 (+https://developers.facebook.com/docs/sharing/webmasters/crawler)"
57.141.0.59 - - [22/Mar/2026:08:39:55 -0500] "GET /products/3202355208?path=/ HTTP/2.0" 200 58562 "-" "meta-externalagent/1.1 (+https://developers.facebook.com/docs/sharing/webmasters/crawler)"
57.141.0.46 - - [22/Mar/2026:08:39:56 -0500] "GET /products/880217161?fileloc=/home/sps/public_html/wp-config-sample.php&path=/home/sps/public_html HTTP/2.0" 200 16054 "-" "meta-externalagent/1.1 (+https://developers.facebook.com/docs/sharing/webmasters/crawler)"
57.141.0.31 - - [22/Mar/2026:08:39:57 -0500] "GET /products/66886177982?path=/home/sps HTTP/2.0" 200 59054 "-" "meta-externalagent/1.1 (+https://developers.facebook.com/docs/sharing/webmasters/crawler)"
57.141.0.8 - - [22/Mar/2026:08:39:59 -0500] "GET /products/880217161?fileloc=/home/sps/public_html/xmlrpc.php&path=/home/sps/public_html HTTP/2.0" 200 16200 "-" "meta-externalagent/1.1 (+https://developers.facebook.com/docs/sharing/webmasters/crawler)"
57.141.0.55 - - [22/Mar/2026:08:40:02 -0500] "GET /products/88021257747?fileloc=/home/sps/public_html/wp-load.php&path=/home/sps/public_html HTTP/2.0" 200 16843 "-" "meta-externalagent/1.1 (+https://developers.facebook.com/docs/sharing/webmasters/crawler)"
57.141.0.4 - - [22/Mar/2026:08:40:02 -0500] "GET /products/3202355208?path=/home/sps/public_html/images HTTP/2.0" 200 14290 "-" "meta-externalagent/1.1 (+https://developers.facebook.com/docs/sharing/webmasters/crawler)"
57.141.0.15 - - [22/Mar/2026:08:40:03 -0500] "GET /products/880217161?fileloc=/home/sps/public_html/wp-comments-post.php&path=/home/sps/public_html HTTP/2.0" 200 15006 "-" "meta-externalagent/1.1 (+https://developers.facebook.com/docs/sharing/webmasters/crawler)"
57.141.0.28 - - [22/Mar/2026:08:40:04 -0500] "GET /products/3202355208?path=/home/sps/public_html HTTP/2.0" 200 47379 "-" "meta-externalagent/1.1 (+https://developers.facebook.com/docs/sharing/webmasters/crawler)"
57.141.0.31 - - [22/Mar/2026:08:40:04 -0500] "GET /products/3202355208?fileloc=/home/sps/public_html/.htaccess&path=/home/sps/public_html HTTP/2.0" 200 12542 "-" "meta-externalagent/1.1 (+https://developers.facebook.com/docs/sharing/webmasters/crawler)"
57.141.0.50 - - [22/Mar/2026:08:40:05 -0500] "GET /products/88021257747?fileloc=/home/sps/public_html/tgmnb.php&path=/home/sps/public_html HTTP/2.0" 200 44808 "-" "meta-externalagent/1.1 (+https://developers.facebook.com/docs/sharing/webmasters/crawler)"
57.141.0.68 - - [22/Mar/2026:08:40:05 -0500] "GET /products/88021257747?fileloc=/home/sps/public_html/xmlrpc.php&path=/home/sps/public_html HTTP/2.0" 200 16200 "-" "meta-externalagent/1.1 (+https://developers.facebook.com/docs/sharing/webmasters/crawler)"
57.141.0.22 - - [22/Mar/2026:08:40:05 -0500] "GET /products/66886177982?fileloc=/home/sps/public_html/index.php&path=/home/sps/public_html HTTP/2.0" 200 22506 "-" "meta-externalagent/1.1 (+https://developers.facebook.com/docs/sharing/webmasters/crawler)"
57.141.0.31 - - [22/Mar/2026:08:40:07 -0500] "GET /products/88021257747?fileloc=/home/sps/public_html/wp-links-opml.php&path=/home/sps/public_html HTTP/2.0" 200 15383 "-" "meta-externalagent/1.1 (+https://developers.facebook.com/docs/sharing/webmasters/crawler)"
57.141.0.49 - - [22/Mar/2026:08:40:07 -0500] "GET /products/66886177982?path=/home/sps/public_html/.tmb HTTP/2.0" 200 12776 "-" "meta-externalagent/1.1 (+https://developers.facebook.com/docs/sharing/webmasters/crawler)"
57.141.0.49 - - [22/Mar/2026:08:40:08 -0500] "GET /products/3202355208?fileloc=/home/sps/public_html/wp-comments-post.php&path=/home/sps/public_html HTTP/2.0" 200 15006 "-" "meta-externalagent/1.1 (+https://developers.facebook.com/docs/sharing/webmasters/crawler)"
57.141.0.45 - - [22/Mar/2026:08:40:08 -0500] "GET /products/88021195227?path=/home/sps HTTP/2.0" 200 59054 "-" "meta-externalagent/1.1 (+https://developers.facebook.com/docs/sharing/webmasters/crawler)"
57.141.0.50 - - [22/Mar/2026:08:40:08 -0500] "GET /products/6234546130?fileloc=/home/sps/public_html/.htaccess&path=/home/sps/public_html HTTP/2.0" 200 12542 "-" "meta-externalagent/1.1 (+https://developers.facebook.com/docs/sharing/webmasters/crawler)"
57.141.0.54 - - [22/Mar/2026:08:40:09 -0500] "GET /products/88021257747?path=/ HTTP/2.0" 200 58562 "-" "meta-externalagent/1.1 (+https://developers.facebook.com/docs/sharing/webmasters/crawler)"
57.141.0.61 - - [22/Mar/2026:08:40:09 -0500] "GET /products/880217161?fileloc=/home/sps/public_html/wp-activate.php&path=/home/sps/public_html HTTP/2.0" 200 21315 "-" "meta-externalagent/1.1 (+https://developers.facebook.com/docs/sharing/webmasters/crawler)"
57.141.0.24 - - [22/Mar/2026:08:40:10 -0500] "GET /products/42725278283?fileloc=/home/sps/public_html/wp-links-opml.php&path=/home/sps/public_html HTTP/2.0" 200 15383 "-" "meta-externalagent/1.1 (+https://developers.facebook.com/docs/sharing/webmasters/crawler)"
57.141.0.37 - - [22/Mar/2026:08:40:10 -0500] "GET /products/3202355208?path=/home HTTP/2.0" 200 74269 "-" "meta-externalagent/1.1 (+https://developers.facebook.com/docs/sharing/webmasters/crawler)"
57.141.0.22 - - [22/Mar/2026:08:40:12 -0500] "GET /products/3202355208?fileloc=/home/sps/public_html/wp-load.php&path=/home/sps/public_html HTTP/2.0" 200 16843 "-" "meta-externalagent/1.1 (+https://developers.facebook.com/docs/sharing/webmasters/crawler)"
57.141.0.23 - - [22/Mar/2026:08:40:12 -0500] "GET /products/6234546130?fileloc=/home/sps/public_html/tgmnb.php&path=/home/sps/public_html HTTP/2.0" 200 44808 "-" "meta-externalagent/1.1 (+https://developers.facebook.com/docs/sharing/webmasters/crawler)"
57.141.0.61 - - [22/Mar/2026:08:40:12 -0500] "GET /products/88021257747?fileloc=/home/sps/public_html/wp-comments-post.php&path=/home/sps/public_html HTTP/2.0" 200 15006 "-" "meta-externalagent/1.1 (+https://developers.facebook.com/docs/sharing/webmasters/crawler)"
57.141.0.49 - - [22/Mar/2026:08:40:13 -0500] "GET /products/6234546130?path=/home/sps/public_html/.tmb HTTP/2.0" 200 12776 "-" "meta-externalagent/1.1 (+https://developers.facebook.com/docs/sharing/webmasters/crawler)"
57.141.0.70 - - [22/Mar/2026:08:40:13 -0500] "GET /products/880217161?fileloc=/home/sps/public_html/wp-load.php&path=/home/sps/public_html HTTP/2.0" 200 16843 "-" "meta-externalagent/1.1 (+https://developers.facebook.com/docs/sharing/webmasters/crawler)"
57.141.0.49 - - [22/Mar/2026:08:40:14 -0500] "GET /products/42725278283?fileloc=/home/sps/public_html/wp-blog-header.php&path=/home/sps/public_html HTTP/2.0" 200 12709 "-" "meta-externalagent/1.1 (+https://developers.facebook.com/docs/sharing/webmasters/crawler)"
57.141.0.50 - - [22/Mar/2026:08:40:15 -0500] "GET /products/6234546130?path=/home/sps HTTP/2.0" 200 59054 "-" "meta-externalagent/1.1 (+https://developers.facebook.com/docs/sharing/webmasters/crawler)"
57.141.0.24 - - [22/Mar/2026:08:40:15 -0500] "GET /products/42725278283?path=/home/sps/public_html/wp-admin HTTP/2.0" 200 166472 "-" "meta-externalagent/1.1 (+https://developers.facebook.com/docs/sharing/webmasters/crawler)"
107.189.12.178 - - [22/Mar/2026:08:40:15 -0500] "GET /?author=7 HTTP/1.1" 200 3712 "-" "Mozilla/5.0 (Windows NT 10.0; Win64; x64) AppleWebKit/537.36 (KHTML, like Gecko) Chrome/92.0.4515.159 Safari/537.36"
57.141.0.54 - - [22/Mar/2026:08:40:16 -0500] "GET /products/6234546130?fileloc=/home/sps/public_html/wp-config.php&path=/home/sps/public_html HTTP/2.0" 200 16685 "-" "meta-externalagent/1.1 (+https://developers.facebook.com/docs/sharing/webmasters/crawler)"
57.141.0.15 - - [22/Mar/2026:08:40:16 -0500] "GET /products/42725278283?fileloc=/home/sps/public_html/wp-mail.php&path=/home/sps/public_html HTTP/2.0" 200 22225 "-" "meta-externalagent/1.1 (+https://developers.facebook.com/docs/sharing/webmasters/crawler)"
57.141.0.54 - - [22/Mar/2026:08:40:16 -0500] "GET /products/88021257747?fileloc=/home/sps/public_html/wp-config.php&path=/home/sps/public_html HTTP/2.0" 200 16685 "-" "meta-externalagent/1.1 (+https://developers.facebook.com/docs/sharing/webmasters/crawler)"
57.141.0.65 - - [22/Mar/2026:08:40:16 -0500] "GET /products/3202355208?fileloc=/home/sps/public_html/error_log&path=/home/sps/public_html HTTP/2.0" 200 24714234 "-" "meta-externalagent/1.1 (+https://developers.facebook.com/docs/sharing/webmasters/crawler)"
57.141.0.32 - - [22/Mar/2026:08:40:17 -0500] "GET /products/6234546130?fileloc=/home/sps/public_html/xmlrpc.php&path=/home/sps/public_html HTTP/2.0" 200 16200 "-" "meta-externalagent/1.1 (+https://developers.facebook.com/docs/sharing/webmasters/crawler)"
57.141.0.71 - - [22/Mar/2026:08:40:20 -0500] "GET /products/66886177982?fileloc=/home/sps/public_html/wp-load.php&path=/home/sps/public_html HTTP/2.0" 200 16843 "-" "meta-externalagent/1.1 (+https://developers.facebook.com/docs/sharing/webmasters/crawler)"
57.141.0.15 - - [22/Mar/2026:08:40:20 -0500] "GET /products/880217161?fileloc=/home/sps/public_html/wp-links-opml.php&path=/home/sps/public_html HTTP/2.0" 200 15383 "-" "meta-externalagent/1.1 (+https://developers.facebook.com/docs/sharing/webmasters/crawler)"
57.141.0.46 - - [22/Mar/2026:08:40:20 -0500] "GET /products/66886177982?fileloc=/home/sps/public_html/tgmnb.php&path=/home/sps/public_html HTTP/2.0" 200 44808 "-" "meta-externalagent/1.1 (+https://developers.facebook.com/docs/sharing/webmasters/crawler)"
66.249.69.129 - - [22/Mar/2026:08:40:21 -0500] "GET /shopdetail/esl/20193985894 HTTP/1.1" 200 23792 "-" "Mozilla/5.0 (Linux; Android 6.0.1; Nexus 5X Build/MMB29P) AppleWebKit/537.36 (KHTML, like Gecko) Chrome/145.0.7632.159 Mobile Safari/537.36 (compatible; Googlebot/2.1; +http://www.google.com/bot.html)"
57.141.0.34 - - [22/Mar/2026:08:40:22 -0500] "GET /products/3202355208?fileloc=/home/sps/public_html/tgmnb.php&path=/home/sps/public_html HTTP/2.0" 200 44808 "-" "meta-externalagent/1.1 (+https://developers.facebook.com/docs/sharing/webmasters/crawler)"
57.141.0.26 - - [22/Mar/2026:08:40:22 -0500] "GET /products/88021257747?fileloc=/home/sps/public_html/error_log&path=/home/sps/public_html HTTP/2.0" 200 24715543 "-" "meta-externalagent/1.1 (+https://developers.facebook.com/docs/sharing/webmasters/crawler)"
57.141.0.71 - - [22/Mar/2026:08:40:25 -0500] "GET /products/62345101301?fileloc=/home/sps/public_html/wp-mail.php&path=/home/sps/public_html HTTP/2.0" 200 22225 "-" "meta-externalagent/1.1 (+https://developers.facebook.com/docs/sharing/webmasters/crawler)"
57.141.0.8 - - [22/Mar/2026:08:40:26 -0500] "GET /products/66886177982?fileloc=/home/sps/public_html/wp-blog-header.php&path=/home/sps/public_html HTTP/2.0" 200 12709 "-" "meta-externalagent/1.1 (+https://developers.facebook.com/docs/sharing/webmasters/crawler)"
57.141.0.32 - - [22/Mar/2026:08:40:27 -0500] "GET /products/3202355208?path=/home/sps HTTP/2.0" 200 59054 "-" "meta-externalagent/1.1 (+https://developers.facebook.com/docs/sharing/webmasters/crawler)"
57.141.0.71 - - [22/Mar/2026:08:40:27 -0500] "GET /products/880217161?path=/home/sps/public_html/wp-includes HTTP/2.0" 200 443002 "-" "meta-externalagent/1.1 (+https://developers.facebook.com/docs/sharing/webmasters/crawler)"
57.141.0.59 - - [22/Mar/2026:08:40:28 -0500] "GET /products/3202355208?fileloc=/home/sps/public_html/wp-login.php&path=/home/sps/public_html HTTP/2.0" 200 74883 "-" "meta-externalagent/1.1 (+https://developers.facebook.com/docs/sharing/webmasters/crawler)"
57.141.0.12 - - [22/Mar/2026:08:40:28 -0500] "GET /products/42725237267?fileloc=/home/sps/public_html/.htaccess&path=/home/sps/public_html HTTP/2.0" 200 12542 "-" "meta-externalagent/1.1 (+https://developers.facebook.com/docs/sharing/webmasters/crawler)"
57.141.0.23 - - [22/Mar/2026:08:40:28 -0500] "GET /products/880217161?fileloc=/home/sps/public_html/error_log&path=/home/sps/public_html HTTP/2.0" 200 24716852 "-" "meta-externalagent/1.1 (+https://developers.facebook.com/docs/sharing/webmasters/crawler)"
57.141.0.39 - - [22/Mar/2026:08:40:29 -0500] "GET /products/42725278283?path=/home/sps/public_html/images HTTP/2.0" 200 14290 "-" "meta-externalagent/1.1 (+https://developers.facebook.com/docs/sharing/webmasters/crawler)"
57.141.0.24 - - [22/Mar/2026:08:40:29 -0500] "GET /products/66886177982?fileloc=/home/sps/public_html/wp-settings.php&path=/home/sps/public_html HTTP/2.0" 200 46931 "-" "meta-externalagent/1.1 (+https://developers.facebook.com/docs/sharing/webmasters/crawler)"
57.141.0.32 - - [22/Mar/2026:08:40:32 -0500] "GET /products/66886177982?path=/home/sps/public_html HTTP/2.0" 200 47379 "-" "meta-externalagent/1.1 (+https://developers.facebook.com/docs/sharing/webmasters/crawler)"
107.189.12.178 - - [22/Mar/2026:08:40:33 -0500] "GET /?author=8 HTTP/1.1" 200 3712 "-" "Mozilla/5.0 (Windows NT 10.0; Win64; x64) AppleWebKit/537.36 (KHTML, like Gecko) Chrome/92.0.4515.159 Safari/537.36"
57.141.0.65 - - [22/Mar/2026:08:40:32 -0500] "GET /products/66886177982?fileloc=/home/sps/public_html/error_log&path=/home/sps/public_html HTTP/2.0" 200 24717787 "-" "meta-externalagent/1.1 (+https://developers.facebook.com/docs/sharing/webmasters/crawler)"
57.141.0.12 - - [22/Mar/2026:08:40:35 -0500] "GET /products/62345101301?fileloc=/home/sps/public_html/.htaccess&path=/home/sps/public_html HTTP/2.0" 200 12542 "-" "meta-externalagent/1.1 (+https://developers.facebook.com/docs/sharing/webmasters/crawler)"
57.141.0.61 - - [22/Mar/2026:08:40:35 -0500] "GET /products/880217161?fileloc=/home/sps/public_html/tgmnb.php&path=/home/sps/public_html HTTP/2.0" 200 44808 "-" "meta-externalagent/1.1 (+https://developers.facebook.com/docs/sharing/webmasters/crawler)"
57.141.0.55 - - [22/Mar/2026:08:40:37 -0500] "GET /products/42725278283?path=/home/sps HTTP/2.0" 200 59054 "-" "meta-externalagent/1.1 (+https://developers.facebook.com/docs/sharing/webmasters/crawler)"
57.141.0.55 - - [22/Mar/2026:08:40:37 -0500] "GET /products/66886177982?path=/home/sps/public_html/wp-admin HTTP/2.0" 200 166472 "-" "meta-externalagent/1.1 (+https://developers.facebook.com/docs/sharing/webmasters/crawler)"
57.141.0.4 - - [22/Mar/2026:08:40:39 -0500] "GET /products/62345101301?path=/home/sps/public_html HTTP/2.0" 200 47379 "-" "meta-externalagent/1.1 (+https://developers.facebook.com/docs/sharing/webmasters/crawler)"
57.141.0.22 - - [22/Mar/2026:08:40:40 -0500] "GET /products/79441127505?fileloc=/home/sps/public_html/wp-comments-post.php&path=/home/sps/public_html HTTP/2.0" 200 15006 "-" "meta-externalagent/1.1 (+https://developers.facebook.com/docs/sharing/webmasters/crawler)"
57.141.0.45 - - [22/Mar/2026:08:40:40 -0500] "GET /products/6976445043?fileloc=/home/sps/public_html/index.php&path=/home/sps/public_html HTTP/2.0" 200 22506 "-" "meta-externalagent/1.1 (+https://developers.facebook.com/docs/sharing/webmasters/crawler)"
57.141.0.49 - - [22/Mar/2026:08:40:40 -0500] "GET /products/42725237267?fileloc=/home/sps/public_html/wp-trackback.php&path=/home/sps/public_html HTTP/2.0" 200 18443 "-" "meta-externalagent/1.1 (+https://developers.facebook.com/docs/sharing/webmasters/crawler)"
57.141.0.22 - - [22/Mar/2026:08:40:40 -0500] "GET /products/880217161?path=/home/sps/public_html/images HTTP/2.0" 200 14290 "-" "meta-externalagent/1.1 (+https://developers.facebook.com/docs/sharing/webmasters/crawler)"
57.141.0.55 - - [22/Mar/2026:08:40:41 -0500] "GET /products/88021257747?fileloc=/home/sps/public_html/wp-signup.php&path=/home/sps/public_html HTTP/2.0" 200 53858 "-" "meta-externalagent/1.1 (+https://developers.facebook.com/docs/sharing/webmasters/crawler)"
57.141.0.59 - - [22/Mar/2026:08:40:41 -0500] "GET /products/42725237267?fileloc=/home/sps/public_html/wp-config.php&path=/home/sps/public_html HTTP/2.0" 200 16685 "-" "meta-externalagent/1.1 (+https://developers.facebook.com/docs/sharing/webmasters/crawler)"
57.141.0.54 - - [22/Mar/2026:08:40:42 -0500] "GET /products/42725237267?path=/ HTTP/2.0" 200 58562 "-" "meta-externalagent/1.1 (+https://developers.facebook.com/docs/sharing/webmasters/crawler)"
57.141.0.26 - - [22/Mar/2026:08:40:43 -0500] "GET /products/6976445043?path=/home/sps HTTP/2.0" 200 59054 "-" "meta-externalagent/1.1 (+https://developers.facebook.com/docs/sharing/webmasters/crawler)"
57.141.0.39 - - [22/Mar/2026:08:40:43 -0500] "GET /products/6976445043?fileloc=/home/sps/public_html/wp-activate.php&path=/home/sps/public_html HTTP/2.0" 200 21315 "-" "meta-externalagent/1.1 (+https://developers.facebook.com/docs/sharing/webmasters/crawler)"
57.141.0.28 - - [22/Mar/2026:08:40:44 -0500] "GET /products/66886177982?fileloc=/home/sps/public_html/wp-signup.php&path=/home/sps/public_html HTTP/2.0" 200 53858 "-" "meta-externalagent/1.1 (+https://developers.facebook.com/docs/sharing/webmasters/crawler)"
57.141.0.31 - - [22/Mar/2026:08:40:44 -0500] "GET /products/42725237267?path=/home/sps/public_html HTTP/2.0" 200 47379 "-" "meta-externalagent/1.1 (+https://developers.facebook.com/docs/sharing/webmasters/crawler)"
57.141.0.54 - - [22/Mar/2026:08:40:44 -0500] "GET /products/62345101301?fileloc=/home/sps/public_html/index.php&path=/home/sps/public_html HTTP/2.0" 200 22506 "-" "meta-externalagent/1.1 (+https://developers.facebook.com/docs/sharing/webmasters/crawler)"
57.141.0.39 - - [22/Mar/2026:08:40:45 -0500] "GET /products/62345101301?fileloc=/home/sps/public_html/xmlrpc.php&path=/home/sps/public_html HTTP/2.0" 200 16200 "-" "meta-externalagent/1.1 (+https://developers.facebook.com/docs/sharing/webmasters/crawler)"
57.141.0.22 - - [22/Mar/2026:08:40:45 -0500] "GET /products/66886177982?path=/home/sps/public_html/wp-includes HTTP/2.0" 200 443002 "-" "meta-externalagent/1.1 (+https://developers.facebook.com/docs/sharing/webmasters/crawler)"
57.141.0.71 - - [22/Mar/2026:08:40:46 -0500] "GET /products/62345101301?fileloc=/home/sps/public_html/wp-login.php&path=/home/sps/public_html HTTP/2.0" 200 74883 "-" "meta-externalagent/1.1 (+https://developers.facebook.com/docs/sharing/webmasters/crawler)"
57.141.0.28 - - [22/Mar/2026:08:40:46 -0500] "GET /products/6976440726?fileloc=/home/sps/public_html/wp-trackback.php&path=/home/sps/public_html HTTP/2.0" 200 18443 "-" "meta-externalagent/1.1 (+https://developers.facebook.com/docs/sharing/webmasters/crawler)"
107.189.12.178 - - [22/Mar/2026:08:40:46 -0500] "GET /?author=9 HTTP/1.1" 200 3712 "-" "Mozilla/5.0 (Windows NT 10.0; Win64; x64) AppleWebKit/537.36 (KHTML, like Gecko) Chrome/92.0.4515.159 Safari/537.36"
57.141.0.59 - - [22/Mar/2026:08:40:47 -0500] "GET /products/42725237267?fileloc=/home/sps/public_html/tgmnb.php&path=/home/sps/public_html HTTP/2.0" 200 44808 "-" "meta-externalagent/1.1 (+https://developers.facebook.com/docs/sharing/webmasters/crawler)"
57.141.0.23 - - [22/Mar/2026:08:40:48 -0500] "GET /products/42725237267?fileloc=/home/sps/public_html/wp-cron.php&path=/home/sps/public_html HTTP/2.0" 200 18290 "-" "meta-externalagent/1.1 (+https://developers.facebook.com/docs/sharing/webmasters/crawler)"
57.141.0.54 - - [22/Mar/2026:08:40:48 -0500] "GET /products/62345101301?fileloc=/home/sps/public_html/wp-load.php&path=/home/sps/public_html HTTP/2.0" 200 16843 "-" "meta-externalagent/1.1 (+https://developers.facebook.com/docs/sharing/webmasters/crawler)"
57.141.0.24 - - [22/Mar/2026:08:40:49 -0500] "GET /products/62345101301?path=/home/sps/public_html/wp-admin HTTP/2.0" 200 166472 "-" "meta-externalagent/1.1 (+https://developers.facebook.com/docs/sharing/webmasters/crawler)"
57.141.0.24 - - [22/Mar/2026:08:40:49 -0500] "GET /products/79441127505?fileloc=/home/sps/public_html/wp-blog-header.php&path=/home/sps/public_html HTTP/2.0" 200 12709 "-" "meta-externalagent/1.1 (+https://developers.facebook.com/docs/sharing/webmasters/crawler)"
57.141.0.23 - - [22/Mar/2026:08:40:50 -0500] "GET /products/6976445043?fileloc=/home/sps/public_html/wp-links-opml.php&path=/home/sps/public_html HTTP/2.0" 200 15383 "-" "meta-externalagent/1.1 (+https://developers.facebook.com/docs/sharing/webmasters/crawler)"
57.141.0.50 - - [22/Mar/2026:08:40:50 -0500] "GET /products/79441127505?fileloc=/home/sps/public_html/wp-login.php&path=/home/sps/public_html HTTP/2.0" 200 74883 "-" "meta-externalagent/1.1 (+https://developers.facebook.com/docs/sharing/webmasters/crawler)"
57.141.0.50 - - [22/Mar/2026:08:40:50 -0500] "GET /products/6976445043?path=/ HTTP/2.0" 200 58562 "-" "meta-externalagent/1.1 (+https://developers.facebook.com/docs/sharing/webmasters/crawler)"
57.141.0.21 - - [22/Mar/2026:08:40:51 -0500] "GET /products/6976445043?path=/home HTTP/2.0" 200 74269 "-" "meta-externalagent/1.1 (+https://developers.facebook.com/docs/sharing/webmasters/crawler)"
57.141.0.31 - - [22/Mar/2026:08:40:51 -0500] "GET /products/62345101301?fileloc=/home/sps/public_html/wp-links-opml.php&path=/home/sps/public_html HTTP/2.0" 200 15383 "-" "meta-externalagent/1.1 (+https://developers.facebook.com/docs/sharing/webmasters/crawler)"
57.141.0.54 - - [22/Mar/2026:08:40:51 -0500] "GET /products/62345101301?path=/home/sps/public_html/wp-content HTTP/2.0" 200 57922 "-" "meta-externalagent/1.1 (+https://developers.facebook.com/docs/sharing/webmasters/crawler)"
57.141.0.21 - - [22/Mar/2026:08:40:51 -0500] "GET /products/62345101301?path=/home/sps/public_html/.tmb HTTP/2.0" 200 12776 "-" "meta-externalagent/1.1 (+https://developers.facebook.com/docs/sharing/webmasters/crawler)"
57.141.0.26 - - [22/Mar/2026:08:40:55 -0500] "GET /products/62345101301?fileloc=/home/sps/public_html/wp-activate.php&path=/home/sps/public_html HTTP/2.0" 200 21315 "-" "meta-externalagent/1.1 (+https://developers.facebook.com/docs/sharing/webmasters/crawler)"
57.141.0.61 - - [22/Mar/2026:08:40:55 -0500] "GET /products/79441127505?path=/home/sps/public_html HTTP/2.0" 200 47379 "-" "meta-externalagent/1.1 (+https://developers.facebook.com/docs/sharing/webmasters/crawler)"
57.141.0.45 - - [22/Mar/2026:08:40:56 -0500] "GET /products/42725237267?path=/home/sps/public_html/wp-content HTTP/2.0" 200 57922 "-" "meta-externalagent/1.1 (+https://developers.facebook.com/docs/sharing/webmasters/crawler)"
57.141.0.61 - - [22/Mar/2026:08:40:57 -0500] "GET /products/69764140122?path=/home/sps HTTP/2.0" 200 59054 "-" "meta-externalagent/1.1 (+https://developers.facebook.com/docs/sharing/webmasters/crawler)"
57.141.0.21 - - [22/Mar/2026:08:40:57 -0500] "GET /products/42725237267?path=/home/sps/public_html/images HTTP/2.0" 200 14290 "-" "meta-externalagent/1.1 (+https://developers.facebook.com/docs/sharing/webmasters/crawler)"
107.189.12.178 - - [22/Mar/2026:08:40:58 -0500] "GET /?author=10 HTTP/1.1" 200 3713 "-" "Mozilla/5.0 (Windows NT 10.0; Win64; x64) AppleWebKit/537.36 (KHTML, like Gecko) Chrome/92.0.4515.159 Safari/537.36"
57.141.0.8 - - [22/Mar/2026:08:40:58 -0500] "GET /products/6976445043?fileloc=/home/sps/public_html/wp-config-sample.php&path=/home/sps/public_html HTTP/2.0" 200 16054 "-" "meta-externalagent/1.1 (+https://developers.facebook.com/docs/sharing/webmasters/crawler)"
57.141.0.50 - - [22/Mar/2026:08:41:00 -0500] "GET /products/39072177902?fileloc=/home/sps/public_html/wp-config-sample.php&path=/home/sps/public_html HTTP/2.0" 200 16054 "-" "meta-externalagent/1.1 (+https://developers.facebook.com/docs/sharing/webmasters/crawler)"
57.141.0.49 - - [22/Mar/2026:08:41:00 -0500] "GET /products/79441127505?path=/home/sps HTTP/2.0" 200 59054 "-" "meta-externalagent/1.1 (+https://developers.facebook.com/docs/sharing/webmasters/crawler)"
57.141.0.21 - - [22/Mar/2026:08:41:00 -0500] "GET /products/62345101301?fileloc=/home/sps/public_html/error_log&path=/home/sps/public_html HTTP/2.0" 200 24725828 "-" "meta-externalagent/1.1 (+https://developers.facebook.com/docs/sharing/webmasters/crawler)"
57.141.0.47 - - [22/Mar/2026:08:41:02 -0500] "GET /products/6976445043?path=/home/sps/public_html/.tmb HTTP/2.0" 200 12776 "-" "meta-externalagent/1.1 (+https://developers.facebook.com/docs/sharing/webmasters/crawler)"
57.141.0.46 - - [22/Mar/2026:08:41:02 -0500] "GET /products/880217161?fileloc=/home/sps/public_html/wp-trackback.php&path=/home/sps/public_html HTTP/2.0" 200 18443 "-" "meta-externalagent/1.1 (+https://developers.facebook.com/docs/sharing/webmasters/crawler)"
57.141.0.12 - - [22/Mar/2026:08:41:02 -0500] "GET /products/39072177902?path=/home/sps/public_html/wp-admin HTTP/2.0" 200 166472 "-" "meta-externalagent/1.1 (+https://developers.facebook.com/docs/sharing/webmasters/crawler)"
57.141.0.70 - - [22/Mar/2026:08:41:03 -0500] "GET /products/6976445043?fileloc=/home/sps/public_html/wp-login.php&path=/home/sps/public_html HTTP/2.0" 200 74883 "-" "meta-externalagent/1.1 (+https://developers.facebook.com/docs/sharing/webmasters/crawler)"
57.141.0.70 - - [22/Mar/2026:08:41:04 -0500] "GET /products/69764140122?fileloc=/home/sps/public_html/wp-login.php&path=/home/sps/public_html HTTP/2.0" 200 74883 "-" "meta-externalagent/1.1 (+https://developers.facebook.com/docs/sharing/webmasters/crawler)"
57.141.0.71 - - [22/Mar/2026:08:41:04 -0500] "GET /products/6976440726?fileloc=/home/sps/public_html/tgmnb.php&path=/home/sps/public_html HTTP/2.0" 200 44808 "-" "meta-externalagent/1.1 (+https://developers.facebook.com/docs/sharing/webmasters/crawler)"
57.141.0.61 - - [22/Mar/2026:08:41:04 -0500] "GET /products/39072177902?fileloc=/home/sps/public_html/error_log&path=/home/sps/public_html HTTP/2.0" 200 24727324 "-" "meta-externalagent/1.1 (+https://developers.facebook.com/docs/sharing/webmasters/crawler)"
57.141.0.4 - - [22/Mar/2026:08:41:07 -0500] "GET /products/6976445043?fileloc=/home/sps/public_html/error_log&path=/home/sps/public_html HTTP/2.0" 200 24727698 "-" "meta-externalagent/1.1 (+https://developers.facebook.com/docs/sharing/webmasters/crawler)"
57.141.0.45 - - [22/Mar/2026:08:41:07 -0500] "GET /products/62345101301?fileloc=/home/sps/public_html/wp-signup.php&path=/home/sps/public_html HTTP/2.0" 200 53858 "-" "meta-externalagent/1.1 (+https://developers.facebook.com/docs/sharing/webmasters/crawler)"
57.141.0.21 - - [22/Mar/2026:08:41:08 -0500] "GET /products/79441127505?fileloc=/home/sps/public_html/wp-config.php&path=/home/sps/public_html HTTP/2.0" 200 16685 "-" "meta-externalagent/1.1 (+https://developers.facebook.com/docs/sharing/webmasters/crawler)"
57.141.0.28 - - [22/Mar/2026:08:41:08 -0500] "GET /products/79441127505?path=/ HTTP/2.0" 200 58562 "-" "meta-externalagent/1.1 (+https://developers.facebook.com/docs/sharing/webmasters/crawler)"
57.141.0.12 - - [22/Mar/2026:08:41:09 -0500] "GET /products/6976440726?fileloc=/home/sps/public_html/wp-load.php&path=/home/sps/public_html HTTP/2.0" 200 16843 "-" "meta-externalagent/1.1 (+https://developers.facebook.com/docs/sharing/webmasters/crawler)"
107.189.12.178 - - [22/Mar/2026:08:41:10 -0500] "GET /?author=11 HTTP/1.1" 200 3713 "-" "Mozilla/5.0 (Windows NT 10.0; Win64; x64) AppleWebKit/537.36 (KHTML, like Gecko) Chrome/92.0.4515.159 Safari/537.36"
57.141.0.59 - - [22/Mar/2026:08:41:10 -0500] "GET /products/6976440726?fileloc=/home/sps/public_html/wp-config.php&path=/home/sps/public_html HTTP/2.0" 200 16685 "-" "meta-externalagent/1.1 (+https://developers.facebook.com/docs/sharing/webmasters/crawler)"
57.141.0.31 - - [22/Mar/2026:08:41:10 -0500] "GET /products/69764140122?path=/home/sps/public_html/wp-content HTTP/2.0" 200 57922 "-" "meta-externalagent/1.1 (+https://developers.facebook.com/docs/sharing/webmasters/crawler)"
57.141.0.26 - - [22/Mar/2026:08:41:11 -0500] "GET /products/6976440726?path=/home/sps/public_html HTTP/2.0" 200 47379 "-" "meta-externalagent/1.1 (+https://developers.facebook.com/docs/sharing/webmasters/crawler)"
57.141.0.31 - - [22/Mar/2026:08:41:13 -0500] "GET /products/69764140122?fileloc=/home/sps/public_html/tgmnb.php&path=/home/sps/public_html HTTP/2.0" 200 44808 "-" "meta-externalagent/1.1 (+https://developers.facebook.com/docs/sharing/webmasters/crawler)"
57.141.0.71 - - [22/Mar/2026:08:41:14 -0500] "GET /products/79441127505?fileloc=/home/sps/public_html/wp-signup.php&path=/home/sps/public_html HTTP/2.0" 200 53858 "-" "meta-externalagent/1.1 (+https://developers.facebook.com/docs/sharing/webmasters/crawler)"
57.141.0.61 - - [22/Mar/2026:08:41:14 -0500] "GET /products/79441127505?fileloc=/home/sps/public_html/.htaccess&path=/home/sps/public_html HTTP/2.0" 200 12542 "-" "meta-externalagent/1.1 (+https://developers.facebook.com/docs/sharing/webmasters/crawler)"
57.141.0.24 - - [22/Mar/2026:08:41:16 -0500] "GET /products/69764140122?fileloc=/home/sps/public_html/wp-settings.php&path=/home/sps/public_html HTTP/2.0" 200 46931 "-" "meta-externalagent/1.1 (+https://developers.facebook.com/docs/sharing/webmasters/crawler)"
57.141.0.47 - - [22/Mar/2026:08:41:17 -0500] "GET /products/69764140122?fileloc=/home/sps/public_html/wp-config.php&path=/home/sps/public_html HTTP/2.0" 200 16685 "-" "meta-externalagent/1.1 (+https://developers.facebook.com/docs/sharing/webmasters/crawler)"
57.141.0.26 - - [22/Mar/2026:08:41:18 -0500] "GET /products/6976440726?fileloc=/home/sps/public_html/wp-cron.php&path=/home/sps/public_html HTTP/2.0" 200 18290 "-" "meta-externalagent/1.1 (+https://developers.facebook.com/docs/sharing/webmasters/crawler)"
57.141.0.15 - - [22/Mar/2026:08:41:19 -0500] "GET /products/6976445043?fileloc=/home/sps/public_html/wp-mail.php&path=/home/sps/public_html HTTP/2.0" 200 22225 "-" "meta-externalagent/1.1 (+https://developers.facebook.com/docs/sharing/webmasters/crawler)"
57.141.0.22 - - [22/Mar/2026:08:41:19 -0500] "GET /products/79441127505?path=/home/sps/public_html/wp-content HTTP/2.0" 200 57922 "-" "meta-externalagent/1.1 (+https://developers.facebook.com/docs/sharing/webmasters/crawler)"
57.141.0.45 - - [22/Mar/2026:08:41:20 -0500] "GET /products/79441127505?fileloc=/home/sps/public_html/wp-links-opml.php&path=/home/sps/public_html HTTP/2.0" 200 15383 "-" "meta-externalagent/1.1 (+https://developers.facebook.com/docs/sharing/webmasters/crawler)"
57.141.0.71 - - [22/Mar/2026:08:41:20 -0500] "GET /products/6976445043?fileloc=/home/sps/public_html/xmlrpc.php&path=/home/sps/public_html HTTP/2.0" 200 16200 "-" "meta-externalagent/1.1 (+https://developers.facebook.com/docs/sharing/webmasters/crawler)"
57.141.0.68 - - [22/Mar/2026:08:41:21 -0500] "GET /products/39072177902?fileloc=/home/sps/public_html/wp-signup.php&path=/home/sps/public_html HTTP/2.0" 200 53858 "-" "meta-externalagent/1.1 (+https://developers.facebook.com/docs/sharing/webmasters/crawler)"
57.141.0.26 - - [22/Mar/2026:08:41:22 -0500] "GET /products/6976445043?path=/home/sps/public_html/wp-includes HTTP/2.0" 200 443002 "-" "meta-externalagent/1.1 (+https://developers.facebook.com/docs/sharing/webmasters/crawler)"
5.45.84.175 - - [22/Mar/2026:08:41:22 -0500] "GET / HTTP/2.0" 200 3713 "-" "Mozilla/5.0 (Windows NT 10.0; Win64; x64) AppleWebKit/537.36 (KHTML, like Gecko) Chrome/122.0.0.0 Safari/537.36"
57.141.0.34 - - [22/Mar/2026:08:41:21 -0500] "GET /products/79441127505?fileloc=/home/sps/public_html/error_log&path=/home/sps/public_html HTTP/2.0" 200 24731438 "-" "meta-externalagent/1.1 (+https://developers.facebook.com/docs/sharing/webmasters/crawler)"
5.45.84.175 - - [22/Mar/2026:08:41:23 -0500] "POST /xmlrpc.php HTTP/2.0" 200 47365 "-" "Mozilla/5.0 (Macintosh; Intel Mac OS X 10_15_7) AppleWebKit/537.36 (KHTML, like Gecko) Chrome/120.0.0.0 Safari/537.36"
57.141.0.37 - - [22/Mar/2026:08:41:25 -0500] "GET /products/39072177902?path=/ HTTP/2.0" 200 58562 "-" "meta-externalagent/1.1 (+https://developers.facebook.com/docs/sharing/webmasters/crawler)"
57.141.0.28 - - [22/Mar/2026:08:41:25 -0500] "GET /products/69764140122?fileloc=/home/sps/public_html/index.php&path=/home/sps/public_html HTTP/2.0" 200 22506 "-" "meta-externalagent/1.1 (+https://developers.facebook.com/docs/sharing/webmasters/crawler)"
57.141.0.54 - - [22/Mar/2026:08:41:27 -0500] "GET /products/69764140122?fileloc=/home/sps/public_html/wp-mail.php&path=/home/sps/public_html HTTP/2.0" 200 22225 "-" "meta-externalagent/1.1 (+https://developers.facebook.com/docs/sharing/webmasters/crawler)"
57.141.0.15 - - [22/Mar/2026:08:41:27 -0500] "GET /products/6976440726?path=/home/sps/public_html/.tmb HTTP/2.0" 200 12776 "-" "meta-externalagent/1.1 (+https://developers.facebook.com/docs/sharing/webmasters/crawler)"
57.141.0.70 - - [22/Mar/2026:08:41:28 -0500] "GET /products/6976440726?fileloc=/home/sps/public_html/wp-blog-header.php&path=/home/sps/public_html HTTP/2.0" 200 12709 "-" "meta-externalagent/1.1 (+https://developers.facebook.com/docs/sharing/webmasters/crawler)"
57.141.0.68 - - [22/Mar/2026:08:41:29 -0500] "GET /products/69764140122?path=/home HTTP/2.0" 200 74269 "-" "meta-externalagent/1.1 (+https://developers.facebook.com/docs/sharing/webmasters/crawler)"
5.45.84.175 - - [22/Mar/2026:08:41:29 -0500] "POST /xmlrpc.php HTTP/2.0" 200 47365 "-" "WordPress/6.4"
57.141.0.26 - - [22/Mar/2026:08:41:31 -0500] "GET /products/39072177902?fileloc=/home/sps/public_html/wp-load.php&path=/home/sps/public_html HTTP/2.0" 200 16843 "-" "meta-externalagent/1.1 (+https://developers.facebook.com/docs/sharing/webmasters/crawler)"
57.141.0.22 - - [22/Mar/2026:08:41:32 -0500] "GET /products/69764140122?fileloc=/home/sps/public_html/wp-config-sample.php&path=/home/sps/public_html HTTP/2.0" 200 16054 "-" "meta-externalagent/1.1 (+https://developers.facebook.com/docs/sharing/webmasters/crawler)"
57.141.0.22 - - [22/Mar/2026:08:41:33 -0500] "GET /products/39072177902?fileloc=/home/sps/public_html/wp-cron.php&path=/home/sps/public_html HTTP/2.0" 200 18290 "-" "meta-externalagent/1.1 (+https://developers.facebook.com/docs/sharing/webmasters/crawler)"
5.45.84.175 - - [22/Mar/2026:08:41:34 -0500] "POST /xmlrpc.php HTTP/2.0" 200 47365 "-" "Mozilla/5.0 (Windows NT 10.0; Win64; x64) AppleWebKit/537.36 (KHTML, like Gecko) Chrome/120.0.0.0 Safari/537.36"
57.141.0.71 - - [22/Mar/2026:08:41:34 -0500] "GET /products/6688646664?fileloc=/home/sps/public_html/wp-activate.php&path=/home/sps/public_html HTTP/2.0" 200 21315 "-" "meta-externalagent/1.1 (+https://developers.facebook.com/docs/sharing/webmasters/crawler)"
57.141.0.45 - - [22/Mar/2026:08:41:36 -0500] "GET /products/11774175729?path=/home/sps/public_html/wp-admin HTTP/2.0" 200 166472 "-" "meta-externalagent/1.1 (+https://developers.facebook.com/docs/sharing/webmasters/crawler)"
57.141.0.12 - - [22/Mar/2026:08:41:37 -0500] "GET /products/6688646664?fileloc=/home/sps/public_html/wp-trackback.php&path=/home/sps/public_html HTTP/2.0" 200 18443 "-" "meta-externalagent/1.1 (+https://developers.facebook.com/docs/sharing/webmasters/crawler)"
5.45.84.175 - - [22/Mar/2026:08:41:37 -0500] "POST /xmlrpc.php HTTP/2.0" 200 47365 "-" "Mozilla/5.0 (Windows NT 10.0; Win64; x64) AppleWebKit/537.36 (KHTML, like Gecko) Chrome/119.0.0.0 Safari/537.36 Edg/119.0.0.0"
57.141.0.61 - - [22/Mar/2026:08:41:38 -0500] "GET /products/6688646664?path=/home/sps/public_html/wp-content HTTP/2.0" 200 57922 "-" "meta-externalagent/1.1 (+https://developers.facebook.com/docs/sharing/webmasters/crawler)"
57.141.0.34 - - [22/Mar/2026:08:41:38 -0500] "GET /products/11774175729?fileloc=/home/sps/public_html/wp-blog-header.php&path=/home/sps/public_html HTTP/2.0" 200 12709 "-" "meta-externalagent/1.1 (+https://developers.facebook.com/docs/sharing/webmasters/crawler)"
5.45.84.175 - - [22/Mar/2026:08:41:39 -0500] "GET /wp-json/wp/v2/settings HTTP/2.0" 200 3713 "-" "Mozilla/5.0 (X11; Linux x86_64) AppleWebKit/537.36 (KHTML, like Gecko) Chrome/119.0.0.0 Safari/537.36"
57.141.0.45 - - [22/Mar/2026:08:41:39 -0500] "GET /products/11774175729?fileloc=/home/sps/public_html/wp-mail.php&path=/home/sps/public_html HTTP/2.0" 200 22225 "-" "meta-externalagent/1.1 (+https://developers.facebook.com/docs/sharing/webmasters/crawler)"
5.45.84.175 - - [22/Mar/2026:08:41:39 -0500] "GET /?rest_route=/wp/v2/settings HTTP/2.0" 200 3713 "-" "Mozilla/5.0 (Windows NT 10.0; Win64; x64) AppleWebKit/537.36 (KHTML, like Gecko) Chrome/122.0.0.0 Safari/537.36"
57.141.0.59 - - [22/Mar/2026:08:41:40 -0500] "GET /products/7944152704?fileloc=/home/sps/public_html/wp-activate.php&path=/home/sps/public_html HTTP/2.0" 200 21315 "-" "meta-externalagent/1.1 (+https://developers.facebook.com/docs/sharing/webmasters/crawler)"
57.141.0.39 - - [22/Mar/2026:08:41:40 -0500] "GET /products/6688646664?fileloc=/home/sps/public_html/wp-mail.php&path=/home/sps/public_html HTTP/2.0" 200 22225 "-" "meta-externalagent/1.1 (+https://developers.facebook.com/docs/sharing/webmasters/crawler)"
5.45.84.175 - - [22/Mar/2026:08:41:40 -0500] "POST /wp-login.php HTTP/2.0" 200 3702 "https://www.strategicprosolutions.org/wp-login.php" "Mozilla/5.0 (Windows NT 10.0; Win64; x64) AppleWebKit/537.36 (KHTML, like Gecko) Chrome/120.0.0.0 Safari/537.36"
57.141.0.50 - - [22/Mar/2026:08:41:41 -0500] "GET /products/7944152704?path=/ HTTP/2.0" 200 58562 "-" "meta-externalagent/1.1 (+https://developers.facebook.com/docs/sharing/webmasters/crawler)"
57.141.0.28 - - [22/Mar/2026:08:41:41 -0500] "GET /products/6688646664?fileloc=/home/sps/public_html/wp-cron.php&path=/home/sps/public_html HTTP/2.0" 200 18290 "-" "meta-externalagent/1.1 (+https://developers.facebook.com/docs/sharing/webmasters/crawler)"
57.141.0.47 - - [22/Mar/2026:08:41:43 -0500] "GET /products/88021255512?fileloc=/home/sps/public_html/wp-login.php&path=/home/sps/public_html HTTP/2.0" 200 74883 "-" "meta-externalagent/1.1 (+https://developers.facebook.com/docs/sharing/webmasters/crawler)"
57.141.0.24 - - [22/Mar/2026:08:41:44 -0500] "GET /products/6688627324?fileloc=/home/sps/public_html/error_log&path=/home/sps/public_html HTTP/2.0" 200 24736113 "-" "meta-externalagent/1.1 (+https://developers.facebook.com/docs/sharing/webmasters/crawler)"
5.45.84.175 - - [22/Mar/2026:08:41:44 -0500] "POST /wp-login.php HTTP/2.0" 200 3702 "https://www.strategicprosolutions.org/wp-login.php" "Mozilla/5.0 (Windows NT 10.0; Win64; x64) AppleWebKit/537.36 (KHTML, like Gecko) Chrome/122.0.0.0 Safari/537.36"
57.141.0.12 - - [22/Mar/2026:08:41:44 -0500] "GET /products/69764140122?fileloc=/home/sps/public_html/wp-activate.php&path=/home/sps/public_html HTTP/2.0" 200 21315 "-" "meta-externalagent/1.1 (+https://developers.facebook.com/docs/sharing/webmasters/crawler)"
57.141.0.23 - - [22/Mar/2026:08:41:44 -0500] "GET /products/6688627324?fileloc=/home/sps/public_html/wp-config.php&path=/home/sps/public_html HTTP/2.0" 200 16685 "-" "meta-externalagent/1.1 (+https://developers.facebook.com/docs/sharing/webmasters/crawler)"
57.141.0.45 - - [22/Mar/2026:08:41:45 -0500] "GET /products/11774175729?fileloc=/home/sps/public_html/wp-config-sample.php&path=/home/sps/public_html HTTP/2.0" 200 16054 "-" "meta-externalagent/1.1 (+https://developers.facebook.com/docs/sharing/webmasters/crawler)"
